{"id":5340,"date":"2017-02-01T10:55:06","date_gmt":"2017-02-01T09:55:06","guid":{"rendered":"https:\/\/www.golfclubabenberg.de\/?page_id=5340"},"modified":"2026-05-02T16:40:25","modified_gmt":"2026-05-02T14:40:25","slug":"wie-verhalte-ich-mich-auf-dem-golfplatz","status":"publish","type":"page","link":"https:\/\/golfclubabenberg.de\/index.php\/wie-verhalte-ich-mich-auf-dem-golfplatz\/","title":{"rendered":"Wie verhalte ich mich auf dem Golfplatz"},"content":{"rendered":"<p>[vc_row][vc_column css=&#8220;.vc_custom_1486050702304{padding-bottom: 80px !important;}&#8220;]<h1 class=\"sc_title sc_title_underline\">Mit diesen Tips wird das Golf-Erlebnis leicht<\/h1><div class=\"sc_section\"><div class=\"sc_section_inner\"><div class=\"sc_section_content_wrap\">[vc_column_text]Die nachfolgende Auflistung einiger wichtiger Punkte der Golfetikette soll an Regeln erinnern, die mit der Zeit auch bei erfahrenen Golfern gerne in Vergessenheit geraten. Nicht umsonst finden sich einige der hier thematisierten Punkte bei einem Blick in die offiziellen Golfregeln auch innerhalb von Regel 1 wieder.<\/p>\n<p>Die Regeln der Golfetikette sind nicht als starre Gesetze zu verstehen, die den Golfspielern aufgezw\u00e4ngt werden sollen, es handelt sich dabei viel mehr um Leitlinien, die unter anderem einen Rahmen f\u00fcr ein angenehmes Miteinander auf der Golfanlage schaffen und f\u00fcr jeden Golfer selbstverst\u00e4ndlich sein sollten.<\/p>\n<p style=\"text-align: center;\"><strong>Die meisten Regeln der Etikette sind nicht im Sinne von strengen Gesetzen zu verstehen, sondern als Richtlinien, deren Einhaltung zu einem guten Ton geh\u00f6rt.<\/strong><\/p>\n<p>Solltest Du sichtlich Teile der Etikette missachten, so musst Du dennoch damit rechnen, vom Personal des Golfclubs darauf angesprochen zu werden. In schwerwiegenden F\u00e4llen oder im Falle von wiederholten Auff\u00e4lligkeiten beh\u00e4lt sich der Golfclub vor, Etikettenverst\u00f6\u00dfe auch mit vereins- oder hausrechtlichen Sanktionen zu ahnden.[\/vc_column_text][vc_empty_space]<div class=\"columns_wrap sc_columns columns_nofluid sc_columns_count_3\"><div class=\"column-1_3 sc_column_item sc_column_item_1 odd first\" style=\"text-align:center;\">[vc_empty_space][vc_single_image image=&#8220;21089&#8243; img_size=&#8220;full&#8220;][vc_empty_space height=&#8220;310px&#8220;][vc_single_image image=&#8220;21230&#8243; img_size=&#8220;full&#8220;]<\/div><div class=\"column-1_3 sc_column_item sc_column_item_2 even\">[vc_column_text]<\/p>\n<h4>Sicherheit<\/h4>\n<p>Achte vor jedem (\u00dcbungs-)Schlag darauf, dass niemand derartig steht, sodass er durch Schl\u00e4ger, Ball oder sonstige Dinge wie Steinchen oder Sand getroffen werden k\u00f6nnte. Insbesondere gilt dieser Punkt f\u00fcr Ihre vorausgehende Spielergruppe: Spiele Deinen Ball keinesfalls, wenn Du nicht sicher ausschlie\u00dfen kannst, dass diese au\u00dferhalb Deiner Reichweite ist.<\/p>\n<p>Sollte trotzdem jemand durch Deinen oder einen aus Deiner Spielergruppe stammenden Golfball in unmittelbarer Gefahr sein, dann rufe \u201eFore\u201c (Aussprache: \u201eFoor\u201c) so laut Du kannst, um die Gef\u00e4hrdeten zu warnen.<br \/>\nH\u00f6rst Du umgekehrt w\u00e4hrend Ihrer Golfrunde ein lautes \u201eFore\u201c, sch\u00fctze umgehend Deinen Kopf mit den Armen und ducke Dich hinter Dein Golfbag sofern dieses in Reichweite ist. Besonders wichtig ist dabei unverz\u00fcglich zu handeln und nicht etwa zun\u00e4chst herauszufinden, aus welcher Richtung die Gefahr droht.<\/p>\n<p>Platzarbeiten haben ausnahmslos Vorrang. Warte deshalb unbedingt, bis sich ein Platzarbeiter aus Deinem Zielbereich entfernt hat und Dir signalisiert, dass Du spielen kannst.<br \/>\nAn allen die Anlage querenden Wanderwegen sind ausschlie\u00dflich die Golfspieler daf\u00fcr verantwortlich, dass Spazierg\u00e4nger, Radfahrer usw. durch einen Golfball weder verletzt noch[\/vc_column_text][vc_empty_space]<\/div><div class=\"column-1_3 sc_column_item sc_column_item_3 odd\">[vc_column_text]<\/p>\n<h4>Fairness, H\u00f6flichkeit und R\u00fccksichtnahme<\/h4>\n<p>Stelle sicher, dass ein Spieler sich w\u00e4hrend der Vorbereitung und Ausf\u00fchrung eines Schlags nicht durch Dich gest\u00f6rt f\u00fchlt. Achte darauf, ausreichend Abstand zu ihm einzuhalten und vermeide hektische Bewegungen und Ger\u00e4usche zu produzieren. Letzteres gilt insbesondere f\u00fcr Mobiltelefone, diese sollten w\u00e4hrend des Verweilens auf der Anlage mindestens stumm geschalten werden.<\/p>\n<p>Neben Deiner befinden sich typischerweise auch noch andere Spielergruppen auf dem Platz. Daher sei hier ausdr\u00fccklich erw\u00e4hnt, dass der vorige Punkt nicht nur Deine Flightpartner miteinschlie\u00dft, sondern auch zu beachten ist, wenn Du an einem Gr\u00fcn oder Abschlag vorbeil\u00e4ufst, auf dem sich eine andere Gruppe befindet.<\/p>\n<p>Helfe Deinen Mitspielern beim Suchen von B\u00e4llen.<br \/>\nVersuche darauf zu achten, wo die Puttlinien Deiner Mitspieler verlaufen und betrete diese Bereiche keinesfalls.<\/p>\n<p>In unserem Golfclub herrscht eine freundliche Atmosph\u00e4re, besonders G\u00e4sten gegen\u00fcber. Sei daher stets h\u00f6flich und gr\u00fc\u00dfe auch fremde Personen, die Dir auf unserer Anlage begegnen.[\/vc_column_text][vc_empty_space]<\/div><\/div>[vc_empty_space]<div class=\"columns_wrap sc_columns columns_nofluid sc_columns_count_3\"><div class=\"column-1_3 sc_column_item sc_column_item_1 odd first\" style=\"text-align:center;\">[vc_column_text]<\/p>\n<h4 style=\"text-align: left;\">Platz<\/h4>\n<p style=\"text-align: left;\">Es wird erwartet, dass auf dem Platz immer nach den offiziellen Golfregeln gespielt wird, ganz egal ob im Turnier oder auf einer Privatrunde.<\/p>\n<p style=\"text-align: left;\">Nimm Dir f\u00fcr Deine Schl\u00e4ge ausreichend Zeit, aber versuche nicht zu tr\u00f6deln, besonders dann, wenn gerade keiner schl\u00e4gt. Nutze zudem die Zeit, in der jemand anderes spielt, um sich auf Ihren Schlag vorzubereiten und f\u00fchre \u2013 ganz im Sinne von \u201eReady Golf\u201c \u2013 Deinen Schlag bereits aus, wenn einer Deiner Mitspieler f\u00fcr seinen Schlag noch nicht bereit ist, obwohl er eigentlich an der Reihe w\u00e4re. Wenn Du Deinen Ball auf dem Gr\u00fcn untergebracht hast, versuche Dein Bag immer in Richtung des n\u00e4chsten Abschlags abzustellen um unn\u00f6tige Laufwege zu vermeiden. Notiere Deinen Score erst am Abschlag des Folgeloches oder auf dem Weg dorthin.<\/p>\n<p style=\"text-align: left;\">Spielt die Spielergruppe hinter Dir sichtlich schneller als Deine und muss wiederholt warten und hat sich gleichzeitig zwischen Deinem und dem vorangehenden Flight eine L\u00fccke gebildet, dann lasse sie bitte durchspielen. Stelle Dich dazu an den Rand der Spielbahn und signalisiere der Gruppe hinter Dir deutlich, dass sie schlagen d\u00fcrfen. Insbesondere ist auf diese Weise zu verfahren, wenn Du nach einem Ball suchst und diesen nicht unmittelbar findest.<br \/>\nVermeide Besch\u00e4digungen des Platzes bei Probeschw\u00fcngen, vor allem auf dem Abschlag. Divots sind grunds\u00e4tzlich wieder in die entsprechende Grasnarbe einzusetzen und festzutreten. Die einzige Ausnahme stellt hierbei der Abschlag dar. Nur dort tritt die Grasnarbe ausschlie\u00dflich fest und setze das Divot nicht wieder ein.<br \/>\nBesser Pitchmarken am Gr\u00fcn, und zwar nicht nur Deine eigene, sorgf\u00e4ltig aus. Du bist als Golfer dazu angehalten, zu jeder Zeit am Platz eine Pitchgabel oder einen \u00e4hnlichen zur Ausbesserung von Pitchmarken geeigneten Gegenstand mitzuf\u00fchren. Achte zudem beim Spiel auf dem Gr\u00fcn darauf, die Oberfl\u00e4che nicht unn\u00f6tig zu ramponieren, beispielsweise beim Ablegen des Flaggenstocks, und versuche beim Herausnehmen des Balls nur hinreichend nahe an das Loch heranzutreten um dieses dabei nicht zu besch\u00e4digen und seine direkte Umgebung nicht unn\u00f6tig zu strapazieren. Fahre mit ihrem Trolley immer au\u00dfen um Gr\u00fcnbunker herum und k\u00fcrze niemals ab, indem Du zwischen Gr\u00fcn und Bunker hindurchf\u00e4hrst. Ebenso selbstredend hat Dein Trolley auch nichts auf dem Abschlag oder auf der Gr\u00fcnoberfl\u00e4che zu suchen.<br \/>\nBetrete Bunker immer von einer flachen Seite aus. Ebne nach einem Schlag die von Dir hinterlassenen Spuren sorgf\u00e4ltig ein und platziere den Rechen komplett im Bunker (Zinken nach unten), damit die Rechen bei den M\u00e4harbeiten nicht im Weg liegen.<br \/>\nHalte den Golfplatz sauber, indem Du jegliche Art von M\u00fcll in den daf\u00fcr vorgesehenen Abfallbeh\u00e4ltnissen entsorgst. Besonders \u00e4rgerlich sind aufgrund ihrer Gr\u00f6\u00dfe Zigarettenstummel, Raucher sind daher verpflichtet, einen eigenen Aschenbecher mitzuf\u00fchren.<\/p>\n<p>[\/vc_column_text]<\/div><div class=\"column-1_3 sc_column_item sc_column_item_2 even\">[vc_column_text]<\/p>\n<h4>\u00dcbungsanlagen<\/h4>\n<p>Die Driving Range-B\u00e4lle sind Eigentum des Golfclubs und d\u00fcrfen daher ausschlie\u00dflich auf der Driving Range benutzt werden. Die Benutzung dieser B\u00e4lle auf anderen \u00dcbungsbereichen oder auf dem Platz sowie das Horten ist unter keinen Umst\u00e4nden gestattet.<\/p>\n<p>Auf der Driving Range ist das Schlagen von B\u00e4llen nur aus dem markierten Rasenbereich (zwischen den zwei gespannten Leinen) gestattet. Sollte diese Markierung fehlen, sind die Rasenabschl\u00e4ge gesperrt und es ist ausschlie\u00dflich von Matten zu spielen. Die Spieler sind dazu angehalten, die Rasenabschl\u00e4ge m\u00f6glichst sparsam zu benutzen, das hei\u00dft, es sollte darauf geachtet werden am Ende des Trainings eine m\u00f6glichst zusammenh\u00e4ngende Divot-Fl\u00e4che zur\u00fcckzulassen anstatt viele einzelne Divots quer \u00fcber die Abschlagfl\u00e4che verteilt. Lasse zudem Deinen Ballkorb nicht einfach herumliegen, sondern stelle ihn bitte in den daf\u00fcr vorgesehenen Halterungen neben den Ballautomaten ab.<\/p>\n<p>Die \u00dcbungsgr\u00fcns werden im Vergleich zum Platz deutlich intensiver genutzt, achte daher besonders darauf, diese Bereiche nicht noch zus\u00e4tzlich zu strapazieren.[\/vc_column_text]<\/div><div class=\"column-1_3 sc_column_item sc_column_item_3 odd\">[vc_column_text]<\/p>\n<h4>Bekleidung<\/h4>\n<p>Golf wird als sogenanntes \u201eGentleman\u2019s Game\u201c bezeichnet. Dies sollte sich auch in Deiner Kleidung widerspiegeln. Den folgenden Kategorien zuzuordnende Kleidungsst\u00fccke sollten daher auf der gesamten Golfanlage vermieden werden:<\/p>\n<ul>\n<li>kragenlose Shirts bei den Herren mit Ausnahme von speziell f\u00fcr den Golfsport konzipierten Modellen<\/li>\n<li>Shirts mit Spaghettitr\u00e4gern bei den Damen<\/li>\n<li>Leggins, Radlerhosen und Jeans<\/li>\n<li>komplette Trainingsanz\u00fcge<\/li>\n<\/ul>\n<p>Modetechnisch gibt es mittlerweile im Golfbereich eine vielseitige Auswahl, sodass es jedem m\u00f6glich sein sollte, die Golfanlage in angemessener Bekleidung zu betreten.[\/vc_column_text]<\/div><\/div><\/div><\/div><\/div>[\/vc_column][\/vc_row]<\/p>\n","protected":false},"excerpt":{"rendered":"<p>[vc_row][vc_column css=&#8220;.vc_custom_1486050702304{padding-bottom: 80px !important;}&#8220;][\/vc_column][\/vc_row]<\/p>\n","protected":false},"author":1,"featured_media":0,"parent":0,"menu_order":0,"comment_status":"closed","ping_status":"closed","template":"","meta":{"_EventAllDay":false,"_EventTimezone":"","_EventStartDate":"","_EventEndDate":"","_EventStartDateUTC":"","_EventEndDateUTC":"","_EventShowMap":false,"_EventShowMapLink":false,"_EventURL":"","_EventCost":"","_EventCostDescription":"","_EventCurrencySymbol":"","_EventCurrencyCode":"","_EventCurrencyPosition":"","_EventDateTimeSeparator":"","_EventTimeRangeSeparator":"","_EventOrganizerID":[],"_EventVenueID":0,"_OrganizerEmail":"","_OrganizerPhone":"","_OrganizerWebsite":"","_VenueAddress":"","_VenueCity":"","_VenueCountry":"","_VenueProvince":"","_VenueZip":"","_VenuePhone":"","_VenueURL":"","_VenueStateProvince":"","_VenueLat":"","_VenueLng":"","_links_to":"","_links_to_target":""},"_links":{"self":[{"href":"https:\/\/golfclubabenberg.de\/index.php\/wp-json\/wp\/v2\/pages\/5340"}],"collection":[{"href":"https:\/\/golfclubabenberg.de\/index.php\/wp-json\/wp\/v2\/pages"}],"about":[{"href":"https:\/\/golfclubabenberg.de\/index.php\/wp-json\/wp\/v2\/types\/page"}],"author":[{"embeddable":true,"href":"https:\/\/golfclubabenberg.de\/index.php\/wp-json\/wp\/v2\/users\/1"}],"replies":[{"embeddable":true,"href":"https:\/\/golfclubabenberg.de\/index.php\/wp-json\/wp\/v2\/comments?post=5340"}],"version-history":[{"count":4,"href":"https:\/\/golfclubabenberg.de\/index.php\/wp-json\/wp\/v2\/pages\/5340\/revisions"}],"predecessor-version":[{"id":21594,"href":"https:\/\/golfclubabenberg.de\/index.php\/wp-json\/wp\/v2\/pages\/5340\/revisions\/21594"}],"wp:attachment":[{"href":"https:\/\/golfclubabenberg.de\/index.php\/wp-json\/wp\/v2\/media?parent=5340"}],"curies":[{"name":"wp","href":"https:\/\/api.w.org\/{rel}","templated":true}]}}