{"id":20924,"date":"2026-01-03T10:53:57","date_gmt":"2026-01-03T09:53:57","guid":{"rendered":"https:\/\/golfclubabenberg.de\/?page_id=20924"},"modified":"2026-01-03T10:53:57","modified_gmt":"2026-01-03T09:53:57","slug":"golf-natur-oeffentlichkeitsarbeit","status":"publish","type":"page","link":"https:\/\/golfclubabenberg.de\/index.php\/golf-natur-oeffentlichkeitsarbeit\/","title":{"rendered":"\u00d6ffentlichkeitsarbeit"},"content":{"rendered":"<p>[vc_row full_width=&#8220;stretch_row&#8220; css=&#8220;.vc_custom_1487766570698{padding-bottom: 70px !important;background-color: #f7f5f1 !important;}&#8220;][vc_column]<div class=\"sc_section\"><div class=\"sc_section_inner\"><div class=\"sc_section_content_wrap\">[vc_single_image image=&#8220;7528&#8243; img_size=&#8220;1400&#215;300&#8243; alignment=&#8220;center&#8220; css=&#8220;.vc_custom_1541606180532{padding-top: 80px !important;}&#8220;]<h3 class=\"sc_title sc_title_regular\"><strong>\u00d6FFENTLICHKEITSARBEIT<\/strong><\/h3><div class=\"columns_wrap sc_columns columns_nofluid sc_columns_count_2\"><div class=\"column-1_2 sc_column_item sc_column_item_1 odd first\">[vc_column_text]<span style=\"color: #152229;\">Es ist unser Anliegen, auf den GCA in der Region, aber auch \u00fcberregional aufmerksam zu machen. So erscheinen regelm\u00e4ssig in Lokalzeitungen, aber auch in \u00fcberregionalen Publikationen wie &#8222;<em>golfmanager<\/em>&#8220; und &#8222;<em>Green<\/em>&#8220; Artikel \u00fcber Golf &amp; Natur, \u00fcberregionale Wettspiele etc. Aber auch die Vertretung in Gremien der Verb\u00e4nde geh\u00f6rt dazu.<\/span>[\/vc_column_text]<\/div><div class=\"column-1_2 sc_column_item sc_column_item_2 even\">[vc_column_text]<span style=\"color: #152229;\"><strong>Nicht zu vergessen:<\/strong> die clubeigenen Brosch\u00fcren und Publikationen wie die umfangreiche Festschrift aus 2014, die nach wie vor zu Marketingzwecken eingesetzt wird, unser Firmenleitbild, der gedruckte Wettspielkalender, aber auch das Kursprogramm der Golfschule.<\/span><\/p>\n<p><span style=\"color: #152229;\">Dazu hat der GCA neben der eigenen &#8211; von den Bayerischen-Medien-Golfern pr\u00e4mierten &#8211; Homepage auch Pr\u00e4senzen in den Sozialen Medien wie auf <\/span><a href=\"https:\/\/www.facebook.com\/GCAbenberg\" target=\"_blank\" rel=\"noopener noreferrer\">facebook,<\/a> <a href=\"https:\/\/www.instagram.com\/golfclubabenberg\">Instagram<\/a> <span style=\"color: #152229;\">und auf <\/span><a href=\"https:\/\/www.youtube.com\/channel\/UC4Bl-Pldb9ZKFfoCZbmMy5Q\" target=\"_blank\" rel=\"noopener noreferrer\">YouTube<\/a><span style=\"color: #152229;\">. Erg\u00e4nzt wird das Angebot vom monatlichen Newsletter, der zwischenzeitlich an fast 2.000 Interessenten und Mitglieder geht.<\/span>[\/vc_column_text]<\/div><\/div><\/div><\/div><\/div>[\/vc_column][\/vc_row][vc_row full_width=&#8220;stretch_row&#8220; css=&#8220;.vc_custom_1497858855854{background-color: #f7f5f1 !important;}&#8220;][\/vc_row]<\/p>\n","protected":false},"excerpt":{"rendered":"<p>[vc_row full_width=&#8220;stretch_row&#8220; css=&#8220;.vc_custom_1487766570698{padding-bottom: 70px !important;background-color: #f7f5f1 !important;}&#8220;][vc_column][\/vc_column][\/vc_row][vc_row full_width=&#8220;stretch_row&#8220; css=&#8220;.vc_custom_1497858855854{background-color: #f7f5f1 !important;}&#8220;][\/vc_row]<\/p>\n","protected":false},"author":5,"featured_media":0,"parent":0,"menu_order":0,"comment_status":"closed","ping_status":"closed","template":"","meta":{"_EventAllDay":false,"_EventTimezone":"","_EventStartDate":"","_EventEndDate":"","_EventStartDateUTC":"","_EventEndDateUTC":"","_EventShowMap":false,"_EventShowMapLink":false,"_EventURL":"","_EventCost":"","_EventCostDescription":"","_EventCurrencySymbol":"","_EventCurrencyCode":"","_EventCurrencyPosition":"","_EventDateTimeSeparator":"","_EventTimeRangeSeparator":"","_EventOrganizerID":[],"_EventVenueID":0,"_OrganizerEmail":"","_OrganizerPhone":"","_OrganizerWebsite":"","_VenueAddress":"","_VenueCity":"","_VenueCountry":"","_VenueProvince":"","_VenueZip":"","_VenuePhone":"","_VenueURL":"","_VenueStateProvince":"","_VenueLat":"","_VenueLng":"","_links_to":"","_links_to_target":""},"_links":{"self":[{"href":"https:\/\/golfclubabenberg.de\/index.php\/wp-json\/wp\/v2\/pages\/20924"}],"collection":[{"href":"https:\/\/golfclubabenberg.de\/index.php\/wp-json\/wp\/v2\/pages"}],"about":[{"href":"https:\/\/golfclubabenberg.de\/index.php\/wp-json\/wp\/v2\/types\/page"}],"author":[{"embeddable":true,"href":"https:\/\/golfclubabenberg.de\/index.php\/wp-json\/wp\/v2\/users\/5"}],"replies":[{"embeddable":true,"href":"https:\/\/golfclubabenberg.de\/index.php\/wp-json\/wp\/v2\/comments?post=20924"}],"version-history":[{"count":1,"href":"https:\/\/golfclubabenberg.de\/index.php\/wp-json\/wp\/v2\/pages\/20924\/revisions"}],"predecessor-version":[{"id":20925,"href":"https:\/\/golfclubabenberg.de\/index.php\/wp-json\/wp\/v2\/pages\/20924\/revisions\/20925"}],"wp:attachment":[{"href":"https:\/\/golfclubabenberg.de\/index.php\/wp-json\/wp\/v2\/media?parent=20924"}],"curies":[{"name":"wp","href":"https:\/\/api.w.org\/{rel}","templated":true}]}}