{"id":20917,"date":"2026-01-03T10:51:40","date_gmt":"2026-01-03T09:51:40","guid":{"rendered":"https:\/\/golfclubabenberg.de\/?page_id=20917"},"modified":"2026-01-03T10:51:40","modified_gmt":"2026-01-03T09:51:40","slug":"golf-und-natur-landschaft-und-natur","status":"publish","type":"page","link":"https:\/\/golfclubabenberg.de\/index.php\/golf-und-natur-landschaft-und-natur\/","title":{"rendered":"Landschaft und Natur"},"content":{"rendered":"<p>[vc_row css=&#8220;.vc_custom_1487319056680{padding-bottom: 30px !important;}&#8220;][vc_column]<h1 class=\"sc_title sc_title_underline\">Golf &amp; Natur<\/h1>[\/vc_column][\/vc_row][vc_row full_width=&#8220;stretch_row&#8220; css=&#8220;.vc_custom_1487766570698{padding-bottom: 70px !important;background-color: #f7f5f1 !important;}&#8220;][vc_column]<div class=\"sc_section\"><div class=\"sc_section_inner\"><div class=\"sc_section_content_wrap\">[vc_single_image image=&#8220;7385&#8243; img_size=&#8220;1400&#215;300&#8243; alignment=&#8220;center&#8220; css=&#8220;.vc_custom_1541605965193{padding-top: 80px !important;}&#8220;]<h3 class=\"sc_title sc_title_regular\"><strong>ERFOLGREICH UND ZERTIFIZIERT<\/strong><\/h3>[vc_column_text]<span style=\"color: #152229;\">Ausgehend von dem im Jahr 2013 gestarteten Projekt \u201eGolf &amp; Natur\u201c und den Ertr\u00e4gen aus dem Pro \/ Am Turnier im Oktober 2014 wurden gemeinsam mit den Greenkeepern im Jahr 2015 bereits viele der beabsichtigten Ma\u00dfnahmen des Projektteams umgesetzt.<\/span><\/p>\n<h3><strong>LANDSCHAFT &amp; NATUR<\/strong><\/h3>\n<p>Unsere Bearbeitungsschwerpunkte im Bereich der Landschaft &amp; Natur sind die Folgenden:<\/p>\n<p><strong>Schutz von Wasser und Boden<\/strong><\/p>\n<ul>\n<li>Bau eines neuen Betriebshofs als Gemeinschaftsprojekt des Golfclubs, der Golfanlagen und des F\u00f6rdervereins<\/li>\n<li>Realisierung des Gro\u00dfprojekts \u201eMaschinenwaschplatz mit Leichtfl\u00fcssigkeitsabscheider\u201c<\/li>\n<\/ul>\n<p><strong>Schutz &amp; F\u00f6rderung der Artenvielfalt von \u00a0Flora und Fauna<\/strong><\/p>\n<ul>\n<li>Pflege &amp; Erweiterung der Lebensr\u00e4ume, z.B.\n<ul>\n<li>Bienenst\u00f6cke f\u00fcr 8 Bienenv\u00f6lker<\/li>\n<li>Nistk\u00e4sten f\u00fcr V\u00f6gel und Hornissen<\/li>\n<li>Insektenh\u00e4user f\u00fcr Wildbienen und n\u00fctzliche Insekten<\/li>\n<li>Sandfl\u00e4chen f\u00fcr erdnistende Insekten<\/li>\n<li>Steinriegel f\u00fcr Amphibien<\/li>\n<li>Totholzstapel aus \u00c4sten und St\u00e4mmen<\/li>\n<\/ul>\n<\/li>\n<\/ul>\n<p><strong>Vermehrung der Nahrung,<\/strong> z.B.<\/p>\n<ul>\n<li>Anlage und Erweiterung von \u201eBienenweiden\u201c mit mehrj\u00e4hrigem Saatgut<\/li>\n<li>Anlage von Magerwiesen mit Wildkr\u00e4utern &amp; -blumen<\/li>\n<li>\u00d6kologische Anreicherung von Rough Fl\u00e4chen und Streuobstwiesen mit Wildkr\u00e4utern und \u00a0-blumen<\/li>\n<li>Vermehrung der Pollen- und Nektarpflanzen um die Insektenh\u00e4user<\/li>\n<\/ul>\n<p><strong>Unsere Greenkeeper und Unterst\u00fctzer aus dem Kreis der GCA Mitlieder\u00a0 setzen diese Ma\u00dfnahmen auf der Golfanlage um.<\/strong><\/p>\n<h5>Weitere Informationen zu den realisierten Projekten finden Sie unter dem folgenden Link: <a href=\"http:\/\/www.gca-fv.de\/index.php\/naturschutz-2\/\" target=\"_blank\" rel=\"noopener noreferrer\"><span style=\"color: #dc6c12;\">GCA Naturschutz<\/span><\/a><\/h5>\n<p>[\/vc_column_text]<\/div><\/div><\/div>[\/vc_column][\/vc_row][vc_row full_width=&#8220;stretch_row&#8220; css=&#8220;.vc_custom_1497858855854{background-color: #f7f5f1 !important;}&#8220;][\/vc_row]<\/p>\n","protected":false},"excerpt":{"rendered":"<p>[vc_row css=&#8220;.vc_custom_1487319056680{padding-bottom: 30px !important;}&#8220;][vc_column][\/vc_column][\/vc_row][vc_row full_width=&#8220;stretch_row&#8220; css=&#8220;.vc_custom_1487766570698{padding-bottom: 70px !important;background-color: #f7f5f1 !important;}&#8220;][vc_column][\/vc_column][\/vc_row][vc_row full_width=&#8220;stretch_row&#8220; css=&#8220;.vc_custom_1497858855854{background-color: #f7f5f1 !important;}&#8220;][\/vc_row]<\/p>\n","protected":false},"author":5,"featured_media":0,"parent":0,"menu_order":0,"comment_status":"closed","ping_status":"closed","template":"","meta":{"_EventAllDay":false,"_EventTimezone":"","_EventStartDate":"","_EventEndDate":"","_EventStartDateUTC":"","_EventEndDateUTC":"","_EventShowMap":false,"_EventShowMapLink":false,"_EventURL":"","_EventCost":"","_EventCostDescription":"","_EventCurrencySymbol":"","_EventCurrencyCode":"","_EventCurrencyPosition":"","_EventDateTimeSeparator":"","_EventTimeRangeSeparator":"","_EventOrganizerID":[],"_EventVenueID":0,"_OrganizerEmail":"","_OrganizerPhone":"","_OrganizerWebsite":"","_VenueAddress":"","_VenueCity":"","_VenueCountry":"","_VenueProvince":"","_VenueZip":"","_VenuePhone":"","_VenueURL":"","_VenueStateProvince":"","_VenueLat":"","_VenueLng":"","_links_to":"","_links_to_target":""},"_links":{"self":[{"href":"https:\/\/golfclubabenberg.de\/index.php\/wp-json\/wp\/v2\/pages\/20917"}],"collection":[{"href":"https:\/\/golfclubabenberg.de\/index.php\/wp-json\/wp\/v2\/pages"}],"about":[{"href":"https:\/\/golfclubabenberg.de\/index.php\/wp-json\/wp\/v2\/types\/page"}],"author":[{"embeddable":true,"href":"https:\/\/golfclubabenberg.de\/index.php\/wp-json\/wp\/v2\/users\/5"}],"replies":[{"embeddable":true,"href":"https:\/\/golfclubabenberg.de\/index.php\/wp-json\/wp\/v2\/comments?post=20917"}],"version-history":[{"count":1,"href":"https:\/\/golfclubabenberg.de\/index.php\/wp-json\/wp\/v2\/pages\/20917\/revisions"}],"predecessor-version":[{"id":20918,"href":"https:\/\/golfclubabenberg.de\/index.php\/wp-json\/wp\/v2\/pages\/20917\/revisions\/20918"}],"wp:attachment":[{"href":"https:\/\/golfclubabenberg.de\/index.php\/wp-json\/wp\/v2\/media?parent=20917"}],"curies":[{"name":"wp","href":"https:\/\/api.w.org\/{rel}","templated":true}]}}