{"id":17612,"date":"2022-04-08T10:03:40","date_gmt":"2022-04-08T08:03:40","guid":{"rendered":"https:\/\/golfclubabenberg.de\/?page_id=17612"},"modified":"2023-04-08T09:34:13","modified_gmt":"2023-04-08T07:34:13","slug":"mannschaften2","status":"publish","type":"page","link":"https:\/\/golfclubabenberg.de\/index.php\/mannschaften2\/","title":{"rendered":"Mannschaften 2023"},"content":{"rendered":"<p>[vc_row][vc_column]<div class=\"sc_section\"><div class=\"sc_section_inner\"><div class=\"sc_section_content_wrap\"><h1 class=\"sc_title sc_title_underline\">Golf- &amp; Mannschaftssport im GCA<\/h1><\/div><\/div><\/div>[\/vc_column][\/vc_row][vc_row full_width=&#8220;stretch_row&#8220; css=&#8220;.vc_custom_1649748618758{background-color: #f7f5f1 !important;}&#8220;][vc_column width=&#8220;2\/3&#8243;]<h1 class=\"sc_title sc_title_regular\"><\/p>\n<h3>Unsere Philosophie &amp; sportlichen Ziele<\/h3>\n<p><\/h1><ul class=\"sc_list sc_list_style_iconed margin_top_null margin_bottom_tiny-\" style=\"color:#152229;\"><li class=\"sc_list_item odd first\" title=\"Wir f\u00f6rdern den Golfsport in der Region und sind ein sportlich ambitionierter Club.\"><span class=\"sc_list_icon icon-check93\"><\/span>Wir f\u00f6rdern den Golfsport in der Region und sind ein sportlich ambitionierter Club.<\/li><li class=\"sc_list_item even\" title=\"Durch unsere Jugendarbeit wollen wir Nachwuchsspieler und Golftalente f\u00fcr unsere Mannschaften entdecken.\"><span class=\"sc_list_icon icon-check93\"><\/span>Durch unsere Jugendarbeit wollen wir Nachwuchsspieler und Golftalente f\u00fcr unsere Mannschaften entdecken.<\/li><li class=\"sc_list_item odd\" title=\"Gemeinsam mit der Golfschule bieten wir ein erfolgreiches Konzept f\u00fcr Mannschafts- und f\u00fcr Einzelspieler an.\"><span class=\"sc_list_icon icon-check93\"><\/span>Gemeinsam mit der Golfschule bieten wir ein erfolgreiches Konzept f\u00fcr Mannschafts- und f\u00fcr Einzelspieler an.<\/li><li class=\"sc_list_item even\" title=\"Unser Ziel ist das bestm\u00f6gliche Abschneiden unserer Mannschaften in den jeweiligen Alters- und Leistungsklassen.\"><span class=\"sc_list_icon icon-check93\"><\/span>Unser Ziel ist das bestm\u00f6gliche Abschneiden unserer Mannschaften in den jeweiligen Alters- und Leistungsklassen.<\/li><\/ul>[vc_empty_space height=&#8220;3em&#8220;][vc_column_text]<strong>Die Spielerinnen &amp; Spieler unserer Mannschaften sollten\u2026<\/strong>[\/vc_column_text][vc_empty_space height=&#8220;1em&#8220;]<ul class=\"sc_list sc_list_style_iconed margin_top_null margin_bottom_tiny-\" style=\"color:#152229;\"><li class=\"sc_list_item odd first\" title=\"bestm\u00f6glich in ihrer Spielklasse abschneiden und ihr individuelles Golfspiel verbessern. (Aufstieg, Klassenerhalt, HCP verbessern)\"><span class=\"sc_list_icon icon-check93\"><\/span>bestm\u00f6glich in ihrer Spielklasse abschneiden und ihr individuelles Golfspiel verbessern. (Aufstieg, Klassenerhalt, HCP verbessern)<\/li><li class=\"sc_list_item even\" title=\"unseren Club sportlich regional und \u00fcberregional vertreten.\"><span class=\"sc_list_icon icon-check93\"><\/span>unseren Club sportlich regional und \u00fcberregional vertreten.<\/li><li class=\"sc_list_item odd\" title=\"unsere Unterst\u00fctzung und die Golfschule wertsch\u00e4tzen und es als Privileg sehen, in einer unserer Mannschaften zu spielen.\"><span class=\"sc_list_icon icon-check93\"><\/span>unsere Unterst\u00fctzung und die Golfschule wertsch\u00e4tzen und es als Privileg sehen, in einer unserer Mannschaften zu spielen.<\/li><li class=\"sc_list_item even\" title=\"durch ihr eigenes Engagement und ihre Loyalit\u00e4t unsere Arbeit und unsere Aktivit\u00e4ten unterst\u00fctzen.\"><span class=\"sc_list_icon icon-check93\"><\/span>durch ihr eigenes Engagement und ihre Loyalit\u00e4t unsere Arbeit und unsere Aktivit\u00e4ten unterst\u00fctzen.<\/li><\/ul>[vc_empty_space height=&#8220;5em&#8220;][\/vc_column][vc_column width=&#8220;1\/3&#8243; offset=&#8220;vc_col-sm-offset-0 vc_hidden-sm&#8220;]<blockquote class=\"sc_quote margin_top_large\"><p>Wir sind stolz auf unsere Mannschaften<\/p>\n<p>&nbsp;<\/p>\n<p><em>Gerd Kehrbach<\/em><\/p>\n<p>Pr\u00e4sident GCA<\/p><\/blockquote>[\/vc_column][\/vc_row][vc_row css=&#8220;.vc_custom_1649407852876{border-bottom-width: 20px !important;}&#8220;][vc_column css=&#8220;.vc_custom_1649407846841{margin-bottom: 50px !important;}&#8220;]<h1 class=\"sc_title sc_title_regular\"><\/p>\n<h3>Unsere Mannschaften<\/h3>\n<p><\/h1>[vc_empty_space height=&#8220;15px&#8220;]<div id=\"sc_team_1509552163_wrap\" class=\"sc_team_wrap\"><div id=\"sc_team_1509552163\" class=\"sc_team sc_team_style_team-4 \" style=\"width:100%;\" data-animation=\"animated fadeInUp normal\"><div class=\"sc_columns columns_wrap\"><div class=\"column-1_3 column_padding_bottom\">\t\t\t<div id=\"sc_team_1509552163_1\"\t\t\t\tclass=\"sc_team_item sc_team_item_1 odd first\"\n\t\t\t\t>\n\t\t\t\t<div class=\"sc_team_item_avatar\"><img class=\"wp-post-image\" width=\"370\" height=\"370\" alt=\"DGL-Damen-1-570x380-2.png\" src=\"https:\/\/golfclubabenberg.de\/wp-content\/uploads\/DGL-Damen-1-570x380-2-370x370.png\">\t\t\t\t\t<div class=\"sc_team_item_hover\">\n\t\t\t\t\t\t<div class=\"sc_team_item_info\">\n\t\t\t\t\t\t\t<h5 class=\"sc_team_item_title\"><a href=\"https:\/\/golfclubabenberg.de\/index.php\/damen-mannschaft-2020\/\">Damen<\/a><\/h5>\n\t\t\t\t\t\t\t<div class=\"sc_team_item_position\">Oberliga Mitte 4<\/div>\n\t\t\t\t\t\t\t<div class=\"sc_team_item_description\"><\/div>\n\t\t\t\t\t\t\t<div class=\"sc_team_item_socials\"><\/div>\n\t\t\t\t\t\t<\/div>\n\t\t\t\t\t<\/div>\n\t\t\t\t<\/div>\n\t\t\t<\/div>\n\t\t<\/div><div class=\"column-1_3 column_padding_bottom\">\t\t\t<div id=\"sc_team_1509552163_2\"\t\t\t\tclass=\"sc_team_item sc_team_item_2 even\"\n\t\t\t\t>\n\t\t\t\t<div class=\"sc_team_item_avatar\"><img class=\"wp-post-image\" width=\"370\" height=\"370\" alt=\"DGL-Herren-1-570x380-2.png\" src=\"https:\/\/golfclubabenberg.de\/wp-content\/uploads\/DGL-Herren-1-570x380-2-370x370.png\">\t\t\t\t\t<div class=\"sc_team_item_hover\">\n\t\t\t\t\t\t<div class=\"sc_team_item_info\">\n\t\t\t\t\t\t\t<h5 class=\"sc_team_item_title\"><a href=\"https:\/\/golfclubabenberg.de\/index.php\/herren-mannschaft-dgl\/\">Herren I<\/a><\/h5>\n\t\t\t\t\t\t\t<div class=\"sc_team_item_position\">Landesliga Mitte 8<\/div>\n\t\t\t\t\t\t\t<div class=\"sc_team_item_description\"><\/div>\n\t\t\t\t\t\t\t<div class=\"sc_team_item_socials\"><\/div>\n\t\t\t\t\t\t<\/div>\n\t\t\t\t\t<\/div>\n\t\t\t\t<\/div>\n\t\t\t<\/div>\n\t\t<\/div><div class=\"column-1_3 column_padding_bottom\">\t\t\t<div id=\"sc_team_1509552163_3\"\t\t\t\tclass=\"sc_team_item sc_team_item_3 odd\"\n\t\t\t\t>\n\t\t\t\t<div class=\"sc_team_item_avatar\"><img class=\"wp-post-image\" width=\"370\" height=\"370\" alt=\"Mannschaft-1-und-2-1140x760-3-e1745833214626.png\" src=\"https:\/\/golfclubabenberg.de\/wp-content\/uploads\/Mannschaft-1-und-2-1140x760-3-e1745833214626-370x370.png\">\t\t\t\t\t<div class=\"sc_team_item_hover\">\n\t\t\t\t\t\t<div class=\"sc_team_item_info\">\n\t\t\t\t\t\t\t<h5 class=\"sc_team_item_title\"><a href=\"https:\/\/golfclubabenberg.de\/index.php\/herren-mannschaft-2\/\">Herren II<\/a><\/h5>\n\t\t\t\t\t\t\t<div class=\"sc_team_item_position\">1. Bezirksliga Gruppe F<\/div>\n\t\t\t\t\t\t\t<div class=\"sc_team_item_description\"><\/div>\n\t\t\t\t\t\t\t<div class=\"sc_team_item_socials\"><\/div>\n\t\t\t\t\t\t<\/div>\n\t\t\t\t\t<\/div>\n\t\t\t\t<\/div>\n\t\t\t<\/div>\n\t\t<\/div><\/div><\/div><!-- \/.sc_team --><\/div><!-- \/.sc_team_wrap -->[vc_empty_space]<div id=\"sc_team_932794593_wrap\" class=\"sc_team_wrap\"><div id=\"sc_team_932794593\" class=\"sc_team sc_team_style_team-4 \" style=\"width:100%;\" data-animation=\"animated fadeInUp normal\"><div class=\"sc_columns columns_wrap\"><div class=\"column-1_3 column_padding_bottom\">\t\t\t<div id=\"sc_team_932794593_1\"\t\t\t\tclass=\"sc_team_item sc_team_item_1 odd first\"\n\t\t\t\t>\n\t\t\t\t<div class=\"sc_team_item_avatar\"><img class=\"wp-post-image\" width=\"370\" height=\"370\" alt=\"AK30-Damen-570x380-1.png\" src=\"https:\/\/golfclubabenberg.de\/wp-content\/uploads\/AK30-Damen-570x380-1-370x370.png\">\t\t\t\t\t<div class=\"sc_team_item_hover\">\n\t\t\t\t\t\t<div class=\"sc_team_item_info\">\n\t\t\t\t\t\t\t<h5 class=\"sc_team_item_title\"><a href=\"https:\/\/golfclubabenberg.de\/index.php\/damen-mannschaft-ak30-2019-2\/\">Damen AK 30<\/a><\/h5>\n\t\t\t\t\t\t\t<div class=\"sc_team_item_position\">2. Liga Gruppe A<\/div>\n\t\t\t\t\t\t\t<div class=\"sc_team_item_description\"><\/div>\n\t\t\t\t\t\t\t<div class=\"sc_team_item_socials\"><\/div>\n\t\t\t\t\t\t<\/div>\n\t\t\t\t\t<\/div>\n\t\t\t\t<\/div>\n\t\t\t<\/div>\n\t\t<\/div><div class=\"column-1_3 column_padding_bottom\">\t\t\t<div id=\"sc_team_932794593_2\"\t\t\t\tclass=\"sc_team_item sc_team_item_2 even\"\n\t\t\t\t>\n\t\t\t\t<div class=\"sc_team_item_avatar\"><img class=\"wp-post-image\" width=\"370\" height=\"370\" alt=\"gca2022_herren_ak30-scaled.jpg\" src=\"https:\/\/golfclubabenberg.de\/wp-content\/uploads\/gca2022_herren_ak30-scaled-370x370.jpg\">\t\t\t\t\t<div class=\"sc_team_item_hover\">\n\t\t\t\t\t\t<div class=\"sc_team_item_info\">\n\t\t\t\t\t\t\t<h5 class=\"sc_team_item_title\"><a href=\"https:\/\/golfclubabenberg.de\/index.php\/herren-mannschaft-ak30-2019-2-2\/\">Herren AK 30<\/a><\/h5>\n\t\t\t\t\t\t\t<div class=\"sc_team_item_position\">3. Liga Gruppe A<\/div>\n\t\t\t\t\t\t\t<div class=\"sc_team_item_description\"><\/div>\n\t\t\t\t\t\t\t<div class=\"sc_team_item_socials\"><\/div>\n\t\t\t\t\t\t<\/div>\n\t\t\t\t\t<\/div>\n\t\t\t\t<\/div>\n\t\t\t<\/div>\n\t\t<\/div><div class=\"column-1_3 column_padding_bottom\">\t\t\t<div id=\"sc_team_932794593_3\"\t\t\t\tclass=\"sc_team_item sc_team_item_3 odd\"\n\t\t\t\t>\n\t\t\t\t<div class=\"sc_team_item_avatar\"><img class=\"wp-post-image\" width=\"370\" height=\"370\" alt=\"gca2022_top40_I-1-scaled.jpg\" src=\"https:\/\/golfclubabenberg.de\/wp-content\/uploads\/gca2022_top40_I-1-scaled-370x370.jpg\">\t\t\t\t\t<div class=\"sc_team_item_hover\">\n\t\t\t\t\t\t<div class=\"sc_team_item_info\">\n\t\t\t\t\t\t\t<h5 class=\"sc_team_item_title\"><a href=\"https:\/\/golfclubabenberg.de\/index.php\/herren-mannschaft-top40-1-und-2-2-2\/\">Top 40 I<\/a><\/h5>\n\t\t\t\t\t\t\t<div class=\"sc_team_item_position\">A-Klasse Ost<\/div>\n\t\t\t\t\t\t\t<div class=\"sc_team_item_description\"><\/div>\n\t\t\t\t\t\t\t<div class=\"sc_team_item_socials\"><\/div>\n\t\t\t\t\t\t<\/div>\n\t\t\t\t\t<\/div>\n\t\t\t\t<\/div>\n\t\t\t<\/div>\n\t\t<\/div><\/div><\/div><!-- \/.sc_team --><\/div><!-- \/.sc_team_wrap -->[vc_empty_space]<div id=\"sc_team_1831296740_wrap\" class=\"sc_team_wrap\"><div id=\"sc_team_1831296740\" class=\"sc_team sc_team_style_team-4 \" style=\"width:100%;\" data-animation=\"animated fadeInUp normal\"><div class=\"sc_columns columns_wrap\"><div class=\"column-1_3 column_padding_bottom\">\t\t\t<div id=\"sc_team_1831296740_1\"\t\t\t\tclass=\"sc_team_item sc_team_item_1 odd first\"\n\t\t\t\t>\n\t\t\t\t<div class=\"sc_team_item_avatar\"><img class=\"wp-post-image\" width=\"370\" height=\"370\" alt=\"gca2022_top40_II-scaled.jpg\" src=\"https:\/\/golfclubabenberg.de\/wp-content\/uploads\/gca2022_top40_II-scaled-370x370.jpg\">\t\t\t\t\t<div class=\"sc_team_item_hover\">\n\t\t\t\t\t\t<div class=\"sc_team_item_info\">\n\t\t\t\t\t\t\t<h5 class=\"sc_team_item_title\"><a href=\"https:\/\/golfclubabenberg.de\/index.php\/herren-mannschaft-top40-1-und-2-2-2\/\">Top 40 II<\/a><\/h5>\n\t\t\t\t\t\t\t<div class=\"sc_team_item_position\">C-Klasse Ost<\/div>\n\t\t\t\t\t\t\t<div class=\"sc_team_item_description\"><\/div>\n\t\t\t\t\t\t\t<div class=\"sc_team_item_socials\"><\/div>\n\t\t\t\t\t\t<\/div>\n\t\t\t\t\t<\/div>\n\t\t\t\t<\/div>\n\t\t\t<\/div>\n\t\t<\/div><div class=\"column-1_3 column_padding_bottom\">\t\t\t<div id=\"sc_team_1831296740_2\"\t\t\t\tclass=\"sc_team_item sc_team_item_2 even\"\n\t\t\t\t>\n\t\t\t\t<div class=\"sc_team_item_avatar\"><img class=\"wp-post-image\" width=\"370\" height=\"370\" alt=\"gca2022_herren_ak50_I-scaled.jpg\" src=\"https:\/\/golfclubabenberg.de\/wp-content\/uploads\/gca2022_herren_ak50_I-scaled-370x370.jpg\">\t\t\t\t\t<div class=\"sc_team_item_hover\">\n\t\t\t\t\t\t<div class=\"sc_team_item_info\">\n\t\t\t\t\t\t\t<h5 class=\"sc_team_item_title\"><a href=\"https:\/\/golfclubabenberg.de\/index.php\/herren-mannschaft-ak50-1-und-2-2\/\">Herren AK 50 I<\/a><\/h5>\n\t\t\t\t\t\t\t<div class=\"sc_team_item_position\">3. Liga Gruppe B<\/div>\n\t\t\t\t\t\t\t<div class=\"sc_team_item_description\"><\/div>\n\t\t\t\t\t\t\t<div class=\"sc_team_item_socials\"><\/div>\n\t\t\t\t\t\t<\/div>\n\t\t\t\t\t<\/div>\n\t\t\t\t<\/div>\n\t\t\t<\/div>\n\t\t<\/div><div class=\"column-1_3 column_padding_bottom\">\t\t\t<div id=\"sc_team_1831296740_3\"\t\t\t\tclass=\"sc_team_item sc_team_item_3 odd\"\n\t\t\t\t>\n\t\t\t\t<div class=\"sc_team_item_avatar\"><img class=\"wp-post-image\" width=\"370\" height=\"370\" alt=\"gca2022_herren_ak50_II.jpg\" src=\"https:\/\/golfclubabenberg.de\/wp-content\/uploads\/gca2022_herren_ak50_II-370x370.jpg\">\t\t\t\t\t<div class=\"sc_team_item_hover\">\n\t\t\t\t\t\t<div class=\"sc_team_item_info\">\n\t\t\t\t\t\t\t<h5 class=\"sc_team_item_title\"><a href=\"https:\/\/golfclubabenberg.de\/index.php\/herren-mannschaft-ak50-1-und-2-2\/\">Herren AK 50 II<\/a><\/h5>\n\t\t\t\t\t\t\t<div class=\"sc_team_item_position\">4. Liga Gruppe A<\/div>\n\t\t\t\t\t\t\t<div class=\"sc_team_item_description\"><\/div>\n\t\t\t\t\t\t\t<div class=\"sc_team_item_socials\"><\/div>\n\t\t\t\t\t\t<\/div>\n\t\t\t\t\t<\/div>\n\t\t\t\t<\/div>\n\t\t\t<\/div>\n\t\t<\/div><\/div><\/div><!-- \/.sc_team --><\/div><!-- \/.sc_team_wrap -->[vc_empty_space]<div id=\"sc_team_229794737_wrap\" class=\"sc_team_wrap\"><div id=\"sc_team_229794737\" class=\"sc_team sc_team_style_team-4 \" style=\"width:100%;\" data-animation=\"animated fadeInUp normal\"><div class=\"sc_columns columns_wrap\"><div class=\"column-1_3 column_padding_bottom\">\t\t\t<div id=\"sc_team_229794737_1\"\t\t\t\tclass=\"sc_team_item sc_team_item_1 odd first\"\n\t\t\t\t>\n\t\t\t\t<div class=\"sc_team_item_avatar\"><img class=\"wp-post-image\" width=\"370\" height=\"370\" alt=\"AK65-Damen_neu-2-scaled.jpg\" src=\"https:\/\/golfclubabenberg.de\/wp-content\/uploads\/AK65-Damen_neu-2-scaled-370x370.jpg\">\t\t\t\t\t<div class=\"sc_team_item_hover\">\n\t\t\t\t\t\t<div class=\"sc_team_item_info\">\n\t\t\t\t\t\t\t<h5 class=\"sc_team_item_title\"><a href=\"https:\/\/golfclubabenberg.de\/index.php\/damen-mannschaft-ak65-2023\/\">Damen AK65<\/a><\/h5>\n\t\t\t\t\t\t\t<div class=\"sc_team_item_position\">1.Liga Gruppe A<\/div>\n\t\t\t\t\t\t\t<div class=\"sc_team_item_description\"><\/div>\n\t\t\t\t\t\t\t<div class=\"sc_team_item_socials\"><\/div>\n\t\t\t\t\t\t<\/div>\n\t\t\t\t\t<\/div>\n\t\t\t\t<\/div>\n\t\t\t<\/div>\n\t\t<\/div><div class=\"column-1_3 column_padding_bottom\">\t\t\t<div id=\"sc_team_229794737_2\"\t\t\t\tclass=\"sc_team_item sc_team_item_2 even\"\n\t\t\t\t>\n\t\t\t\t<div class=\"sc_team_item_avatar\"><img class=\"wp-post-image\" width=\"370\" height=\"370\" alt=\"gca2022_herren_ak65_I.jpg\" src=\"https:\/\/golfclubabenberg.de\/wp-content\/uploads\/gca2022_herren_ak65_I-370x370.jpg\">\t\t\t\t\t<div class=\"sc_team_item_hover\">\n\t\t\t\t\t\t<div class=\"sc_team_item_info\">\n\t\t\t\t\t\t\t<h5 class=\"sc_team_item_title\"><a href=\"https:\/\/golfclubabenberg.de\/index.php\/herren-mannschaft-ak65-1-und-2\/\">Herren AK 65 I<\/a><\/h5>\n\t\t\t\t\t\t\t<div class=\"sc_team_item_position\">4. Liga Gruppe B<\/div>\n\t\t\t\t\t\t\t<div class=\"sc_team_item_description\"><\/div>\n\t\t\t\t\t\t\t<div class=\"sc_team_item_socials\"><\/div>\n\t\t\t\t\t\t<\/div>\n\t\t\t\t\t<\/div>\n\t\t\t\t<\/div>\n\t\t\t<\/div>\n\t\t<\/div><div class=\"column-1_3 column_padding_bottom\">\t\t\t<div id=\"sc_team_229794737_3\"\t\t\t\tclass=\"sc_team_item sc_team_item_3 odd\"\n\t\t\t\t>\n\t\t\t\t<div class=\"sc_team_item_avatar\"><img class=\"wp-post-image\" width=\"370\" height=\"370\" alt=\"gca2022_herren_ak65_II-scaled.jpg\" src=\"https:\/\/golfclubabenberg.de\/wp-content\/uploads\/gca2022_herren_ak65_II-scaled-370x370.jpg\">\t\t\t\t\t<div class=\"sc_team_item_hover\">\n\t\t\t\t\t\t<div class=\"sc_team_item_info\">\n\t\t\t\t\t\t\t<h5 class=\"sc_team_item_title\"><a href=\"https:\/\/golfclubabenberg.de\/index.php\/herren-mannschaft-ak65-1-und-2\/\">Herren AK 65 II<\/a><\/h5>\n\t\t\t\t\t\t\t<div class=\"sc_team_item_position\">4. Liga Gruppe C<\/div>\n\t\t\t\t\t\t\t<div class=\"sc_team_item_description\"><\/div>\n\t\t\t\t\t\t\t<div class=\"sc_team_item_socials\"><\/div>\n\t\t\t\t\t\t<\/div>\n\t\t\t\t\t<\/div>\n\t\t\t\t<\/div>\n\t\t\t<\/div>\n\t\t<\/div><\/div><\/div><!-- \/.sc_team --><\/div><!-- \/.sc_team_wrap -->[vc_empty_space]<div id=\"sc_team_89436994_wrap\" class=\"sc_team_wrap\"><div id=\"sc_team_89436994\" class=\"sc_team sc_team_style_team-4 \" style=\"width:100%;\" data-animation=\"animated fadeInUp normal\"><div class=\"sc_columns columns_wrap\"><div class=\"column-1_3 column_padding_bottom\">\t\t\t<div id=\"sc_team_89436994_1\"\t\t\t\tclass=\"sc_team_item sc_team_item_1 odd first\"\n\t\t\t\t>\n\t\t\t\t<div class=\"sc_team_item_avatar\"><img class=\"wp-post-image\" width=\"370\" height=\"370\" alt=\"gca2022_jugend1.jpg\" src=\"https:\/\/golfclubabenberg.de\/wp-content\/uploads\/gca2022_jugend1-370x370.jpg\">\t\t\t\t\t<div class=\"sc_team_item_hover\">\n\t\t\t\t\t\t<div class=\"sc_team_item_info\">\n\t\t\t\t\t\t\t<h5 class=\"sc_team_item_title\"><a href=\"https:\/\/golfclubabenberg.de\/index.php\/jugendmannschaft-1-und-2\/\">Jugend I<\/a><\/h5>\n\t\t\t\t\t\t\t<div class=\"sc_team_item_position\">1.Bayr.Jugendliga Gruppe B<\/div>\n\t\t\t\t\t\t\t<div class=\"sc_team_item_description\"><\/div>\n\t\t\t\t\t\t\t<div class=\"sc_team_item_socials\"><\/div>\n\t\t\t\t\t\t<\/div>\n\t\t\t\t\t<\/div>\n\t\t\t\t<\/div>\n\t\t\t<\/div>\n\t\t<\/div><div class=\"column-1_3 column_padding_bottom\">\t\t\t<div id=\"sc_team_89436994_2\"\t\t\t\tclass=\"sc_team_item sc_team_item_2 even\"\n\t\t\t\t>\n\t\t\t\t<div class=\"sc_team_item_avatar\"><img class=\"wp-post-image\" width=\"370\" height=\"370\" alt=\"gca2022_jugend2-1.jpg\" src=\"https:\/\/golfclubabenberg.de\/wp-content\/uploads\/gca2022_jugend2-1-370x370.jpg\">\t\t\t\t\t<div class=\"sc_team_item_hover\">\n\t\t\t\t\t\t<div class=\"sc_team_item_info\">\n\t\t\t\t\t\t\t<h5 class=\"sc_team_item_title\"><a href=\"https:\/\/golfclubabenberg.de\/index.php\/jugendmannschaft-1-und-2\/\">Jugend II<\/a><\/h5>\n\t\t\t\t\t\t\t<div class=\"sc_team_item_position\">1.Bayr.Jugendliga Gruppe C<\/div>\n\t\t\t\t\t\t\t<div class=\"sc_team_item_description\"><\/div>\n\t\t\t\t\t\t\t<div class=\"sc_team_item_socials\"><\/div>\n\t\t\t\t\t\t<\/div>\n\t\t\t\t\t<\/div>\n\t\t\t\t<\/div>\n\t\t\t<\/div>\n\t\t<\/div><div class=\"column-1_3 column_padding_bottom\">\t\t\t<div id=\"sc_team_89436994_3\"\t\t\t\tclass=\"sc_team_item sc_team_item_3 odd\"\n\t\t\t\t>\n\t\t\t\t<div class=\"sc_team_item_avatar\"><img class=\"wp-post-image\" width=\"370\" height=\"370\" alt=\"FSR-2025-1.jpg\" src=\"https:\/\/golfclubabenberg.de\/wp-content\/uploads\/FSR-2025-1-370x370.jpg\">\t\t\t\t\t<div class=\"sc_team_item_hover\">\n\t\t\t\t\t\t<div class=\"sc_team_item_info\">\n\t\t\t\t\t\t\t<h5 class=\"sc_team_item_title\"><a href=\"https:\/\/golfclubabenberg.de\/index.php\/fsr-2\/\">Fr\u00e4nk. Seniorenrunde<\/a><\/h5>\n\t\t\t\t\t\t\t<div class=\"sc_team_item_position\">Fr\u00e4nkische Seniorenrunde<\/div>\n\t\t\t\t\t\t\t<div class=\"sc_team_item_description\"><\/div>\n\t\t\t\t\t\t\t<div class=\"sc_team_item_socials\"><\/div>\n\t\t\t\t\t\t<\/div>\n\t\t\t\t\t<\/div>\n\t\t\t\t<\/div>\n\t\t\t<\/div>\n\t\t<\/div><\/div><\/div><!-- \/.sc_team --><\/div><!-- \/.sc_team_wrap -->[vc_empty_space height=&#8220;1em&#8220;][\/vc_column][\/vc_row][vc_row full_width=&#8220;stretch_row&#8220; css=&#8220;.vc_custom_1649764772350{margin-bottom: 0px !important;background-image: url(https:\/\/golfclubabenberg.de\/wp-content\/uploads\/teambild_ges-2.jpg?id=17729) !important;}&#8220; el_class=&#8220;parallax_fixed3&#8243;][vc_column][vc_empty_space height=&#8220;311px&#8220;][\/vc_column][\/vc_row][vc_row disable_element=&#8220;yes&#8220;][vc_column]<h6 class=\"sc_title sc_title_underline custom_subtitle theme_accent2 margin_top_null margin_bottom_medium\">Golf- &amp; Mannschaftssport im GCA<\/h6>[vc_column_text]<strong>Die Spielerinnen &amp; Spieler unserer Mannschaften sollten\u2026<\/strong><\/p>\n<p>\u2026 bestm\u00f6glich in ihrer Spielklasse abschneiden und ihr individuelles Golfspiel verbessern. (Aufstieg, Klassenerhalt, HCP verbessern)<br \/>\n\u2026 unseren Club sportlich regional und \u00fcberregional vertreten.<br \/>\n\u2026 unsere Unterst\u00fctzung und die Golfschule wertsch\u00e4tzen und es als Privileg sehen, in einer unserer Mannschaften zu spielen.<br \/>\n\u2026 durch ihr eigenes Engagement und ihre Loyalit\u00e4t unsere Arbeit und unsere Aktivit\u00e4ten unterst\u00fctzen.[\/vc_column_text][\/vc_column][\/vc_row]<\/p>\n","protected":false},"excerpt":{"rendered":"<p>[vc_row][vc_column][\/vc_column][\/vc_row][vc_row full_width=&#8220;stretch_row&#8220; css=&#8220;.vc_custom_1649748618758{background-color: #f7f5f1 !important;}&#8220;][vc_column width=&#8220;2\/3&#8243;][vc_empty_space height=&#8220;3em&#8220;][vc_column_text]Die Spielerinnen &amp; Spieler unserer Mannschaften sollten\u2026[\/vc_column_text][vc_empty_space height=&#8220;1em&#8220;][vc_empty_space height=&#8220;5em&#8220;][\/vc_column][vc_column width=&#8220;1\/3&#8243; offset=&#8220;vc_col-sm-offset-0 vc_hidden-sm&#8220;][\/vc_column][\/vc_row][vc_row css=&#8220;.vc_custom_1649407852876{border-bottom-width: 20px !important;}&#8220;][vc_column css=&#8220;.vc_custom_1649407846841{margin-bottom: 50px !important;}&#8220;][vc_empty_space height=&#8220;15px&#8220;][vc_empty_space][vc_empty_space][vc_empty_space][vc_empty_space][vc_empty_space height=&#8220;1em&#8220;][\/vc_column][\/vc_row][vc_row full_width=&#8220;stretch_row&#8220; css=&#8220;.vc_custom_1649764772350{margin-bottom: 0px !important;background-image: [&hellip;]<\/p>\n","protected":false},"author":1,"featured_media":0,"parent":0,"menu_order":0,"comment_status":"closed","ping_status":"closed","template":"","meta":{"_EventAllDay":false,"_EventTimezone":"","_EventStartDate":"","_EventEndDate":"","_EventStartDateUTC":"","_EventEndDateUTC":"","_EventShowMap":false,"_EventShowMapLink":false,"_EventURL":"","_EventCost":"","_EventCostDescription":"","_EventCurrencySymbol":"","_EventCurrencyCode":"","_EventCurrencyPosition":"","_EventDateTimeSeparator":"","_EventTimeRangeSeparator":"","_EventOrganizerID":[],"_EventVenueID":0,"_OrganizerEmail":"","_OrganizerPhone":"","_OrganizerWebsite":"","_VenueAddress":"","_VenueCity":"","_VenueCountry":"","_VenueProvince":"","_VenueZip":"","_VenuePhone":"","_VenueURL":"","_VenueStateProvince":"","_VenueLat":"","_VenueLng":"","_links_to":"","_links_to_target":""},"_links":{"self":[{"href":"https:\/\/golfclubabenberg.de\/index.php\/wp-json\/wp\/v2\/pages\/17612"}],"collection":[{"href":"https:\/\/golfclubabenberg.de\/index.php\/wp-json\/wp\/v2\/pages"}],"about":[{"href":"https:\/\/golfclubabenberg.de\/index.php\/wp-json\/wp\/v2\/types\/page"}],"author":[{"embeddable":true,"href":"https:\/\/golfclubabenberg.de\/index.php\/wp-json\/wp\/v2\/users\/1"}],"replies":[{"embeddable":true,"href":"https:\/\/golfclubabenberg.de\/index.php\/wp-json\/wp\/v2\/comments?post=17612"}],"version-history":[{"count":1,"href":"https:\/\/golfclubabenberg.de\/index.php\/wp-json\/wp\/v2\/pages\/17612\/revisions"}],"predecessor-version":[{"id":19141,"href":"https:\/\/golfclubabenberg.de\/index.php\/wp-json\/wp\/v2\/pages\/17612\/revisions\/19141"}],"wp:attachment":[{"href":"https:\/\/golfclubabenberg.de\/index.php\/wp-json\/wp\/v2\/media?parent=17612"}],"curies":[{"name":"wp","href":"https:\/\/api.w.org\/{rel}","templated":true}]}}