{"id":15166,"date":"2020-07-31T09:40:20","date_gmt":"2020-07-31T07:40:20","guid":{"rendered":"https:\/\/golfclubabenberg.de\/?page_id=15166"},"modified":"2023-04-25T12:56:33","modified_gmt":"2023-04-25T10:56:33","slug":"golferlebnistag-2020","status":"publish","type":"page","link":"https:\/\/golfclubabenberg.de\/index.php\/golferlebnistag-2020\/","title":{"rendered":"Golferlebnistag 2020"},"content":{"rendered":"<p>[vc_row][vc_column]<div class=\"sc_section\"><div class=\"sc_section_inner\"><div class=\"sc_section_content_wrap\"><h1 class=\"sc_title sc_title_underline\">KOSTENLOS GOLFEN IN ABENBERG<\/h1><\/div><\/div><\/div>[\/vc_column][\/vc_row][vc_row full_width=&#8220;stretch_row&#8220; css=&#8220;.vc_custom_1596452198240{background-color: #f7f5f1 !important;}&#8220;][vc_column width=&#8220;1\/2&#8243;][vc_empty_space height=&#8220;3em&#8220;]<h3 class=\"sc_title sc_title_regular\">DEIN GOLFERLEBNIS\u00adTAG IN ABENBERG \u2013<br \/>\nENTDECKE GOLFEN<\/h3>[vc_empty_space height=&#8220;1em&#8220;][vc_column_text]<strong>Erlebe den Spa\u00df am Golf auf dem gr\u00f6\u00dften Golfplatz in der Region &#8211; und das kostenlos! Am Sonntag, den 30.08.2020 von 9:30 bis 19:00 Uhr bieten wir dir die einmalige Gelegenheit, den Golfsport f\u00fcr dich zu entdecken.<\/strong><\/p>\n<p>Erlebe den Spa\u00df am Golf auf dem gr\u00f6\u00dften Golfplatz in der Region \u2013 und das kostenlos! Am Sonntag, den 30.08.2020 bieten wir dir die einmalige Gelegenheit, den Golfsport f\u00fcr dich vollkommen umsonst zu entdecken.<br \/>\nAuf \u00fcber 440.000qm spielst du bei uns mitten in der Natur. Und bei dieser Fl\u00e4che spielt eine Ansteckungsgefahr nat\u00fcrlich keine Rolle.<br \/>\nWir haben genug Platz zum Abstand halten.<\/p>\n<p>[\/vc_column_text][\/vc_column][vc_column width=&#8220;1\/2&#8243;][vc_empty_space height=&#8220;6em&#8220;][vc_single_image image=&#8220;15278&#8243; img_size=&#8220;293&#215;368&#8243; alignment=&#8220;center&#8220;][\/vc_column][\/vc_row][vc_row full_width=&#8220;stretch_row&#8220; css=&#8220;.vc_custom_1596452198240{background-color: #f7f5f1 !important;}&#8220;][vc_column][vc_empty_space height=&#8220;4em&#8220;][\/vc_column][\/vc_row][vc_row full_width=&#8220;stretch_row&#8220;][vc_column][vc_empty_space height=&#8220;2.5em&#8220;][\/vc_column][\/vc_row][vc_row full_width=&#8220;stretch_row&#8220; inverse=&#8220;&#8220;][vc_column width=&#8220;1\/2&#8243;][vc_empty_space height=&#8220;2em&#8220;][vc_single_image image=&#8220;15264&#8243; img_size=&#8220;510&#215;368&#8243;][vc_empty_space height=&#8220;2em&#8220;][vc_empty_space height=&#8220;2em&#8220;][\/vc_column][vc_column width=&#8220;1\/2&#8243; css=&#8220;.vc_custom_1596629047837{padding-right: 17% !important;}&#8220;]<h3 class=\"sc_title sc_title_regular\">GOLFERLEBNIS\u00adKURS<\/h3><h6 class=\"sc_title sc_title_regular\" style=\"color:#dc6c12;\"><\/p>\n<h6 style=\"color: #dc6c12;\">ERST DIE GRUNDLAGEN<\/h6>\n<p><\/h6>[vc_column_text]Unsere Trainer zeigen dir zuerst alles Wichtige zum Golfspiel. Dabei \u00fcbst Du mit unseren Pros die Grundlagen im Golfspiel \u2013 sowohl auf unserer Driving-Range als auch auf unserem \u00dcbungsgel\u00e4nde.[\/vc_column_text][vc_empty_space height=&#8220;3em&#8220;][vc_empty_space height=&#8220;4em&#8220;][\/vc_column][\/vc_row][vc_row full_width=&#8220;stretch_row&#8220; inverse=&#8220;&#8220; css=&#8220;.vc_custom_1596627564056{background-color: #f7f5f1 !important;}&#8220;][vc_column width=&#8220;1\/2&#8243;][vc_empty_space height=&#8220;2.5em&#8220;][vc_empty_space height=&#8220;2em&#8220;][vc_single_image image=&#8220;15268&#8243; img_size=&#8220;full&#8220;][vc_empty_space height=&#8220;2em&#8220;][vc_empty_space height=&#8220;2em&#8220;][\/vc_column][vc_column width=&#8220;1\/2&#8243; css=&#8220;.vc_custom_1596629179067{padding-right: 15% !important;}&#8220;][vc_empty_space height=&#8220;1em&#8220;]<h6 class=\"sc_title sc_title_regular\" style=\"color:#dc6c12;\"><\/p>\n<h6 style=\"color: #dc6c12;\">DANACH GEHT ES AUF DEN PLATZ<\/h6>\n<p><\/h6>[vc_column_text]Jetzt kannst du gleich deine ersten Golfschw\u00fcnge in der Praxis testen. Gemeinsam mit unseren Trainern gehst du jetzt auf unseren Kurzplatz. Jetzt entdeckst du die wirkliche Faszination von Golf und f\u00e4ngst hoffentlich an, unsere Leidenschaft zu verstehen.<\/p>\n<p>Die kostenlosen Kurse sind <strong>auf je 30 Teilnehmer begrenzt.<\/strong><br \/>\nAlso schnell einen Platz buchen.<\/p>\n<p>&nbsp;<\/p>\n<p><code><\/code><\/p>\n<p><code><div class=\"booked-calendar-shortcode-wrap\"><div class=\"booked-list-view booked-calendar-wrap large\" data-default=\"2023-05-07\"><div class=\"booked-appt-list\" data-list-date=\"2023-05-07\" data-min-date=\"2023-05-07\" data-max-date=\"\"><h2 class=\"booked-no-prev\"><span>Available Appointments on <\/span><strong>7. Mai 2023<\/strong><\/h2><div class=\"booked-list-view-nav\" data-calendar-id=\"155\"><button data-date=\"2023-05-08\" class=\"booked-list-view-date-next bb-small\">Next&nbsp;&nbsp;<i class=\"booked-icon booked-icon-arrow-right\"><\/i><\/button><span class=\"booked-datepicker-wrap\"><input data-min-date=\"2023-05-07\" class=\"booked_list_date_picker\" value=\"2023-05-07\" type=\"hidden\"><a href=\"#\" class=\"booked_list_date_picker_trigger\"><i class=\"booked-icon booked-icon-calendar\"><\/i><\/a><\/span><\/div><p>There are no appointment time slots available for this day.<\/p><\/div><\/div><\/div><\/code><\/p>\n<p><code>\u00a0<\/code>[\/vc_column_text][vc_empty_space height=&#8220;3em&#8220;]<div class=\"cq-accordion \" style=\"width:;\" data-displayfirst=\"\"><ul><li><input type=\"checkbox\" checked><i class=\"\"><\/i><h4 style=\"color:#ffffff;font-size:;padding:20px;\">Buche jetzt deinen Golferlebniskurs!<\/h4><div class=\"accordion-content\" style=\"background-color:;color:#333333;font-size:;\"><\/p>\n<p><code><div class=\"booked-calendar-shortcode-wrap\"><div class=\"booked-calendar-wrap large\"><table class=\"booked-calendar\" data-calendar-id=\"155\" data-calendar-date=\"2026-05-01\">\n\t\t<thead>\n\n\t\t\t\n\t\t\t<tr>\n\t\t\t\t<th colspan=\"7\">\n\t\t\t\t\t\t\t\t\t\t<span class=\"calendarSavingState\">\n\t\t\t\t\t\t<i class=\"booked-icon booked-icon-spinner-clock booked-icon-spin\"><\/i>\n\t\t\t\t\t<\/span>\n\t\t\t\t\t<span class=\"monthName\">\n\t\t\t\t\t\tMai 2026\t\t\t\t\t\t\t\t\t\t\t<\/span>\n\t\t\t\t\t<a href=\"#\" data-goto=\"2026-06-01\" class=\"page-right\"><i class=\"booked-icon booked-icon-arrow-right\"><\/i><\/a>\t\t\t\t<\/th>\n\t\t\t<\/tr>\n\t\t\t<tr class=\"days\">\n\t\t\t\t\t\t\t\t<th>Mo.<\/th>\n\t\t\t\t<th>Di.<\/th>\n\t\t\t\t<th>Mi.<\/th>\n\t\t\t\t<th>Do.<\/th>\n\t\t\t\t<th>Fr.<\/th>\n\t\t\t\t<th>Sa.<\/th>\t\t\t\t<th>So.<\/th>\t\t\t<\/tr>\n\t\t<\/thead>\n\t\t<tbody><tr class=\"week\"><td data-date=\"2026-04-27\" class=\"prev-month prev-date\"><span class=\"date\"><span class=\"number\">27<\/span><\/span><\/td><td data-date=\"2026-04-28\" class=\"prev-month prev-date\"><span class=\"date\"><span class=\"number\">28<\/span><\/span><\/td><td data-date=\"2026-04-29\" class=\"prev-month prev-date\"><span class=\"date\"><span class=\"number\">29<\/span><\/span><\/td><td data-date=\"2026-04-30\" class=\"prev-month prev-date\"><span class=\"date\"><span class=\"number\">30<\/span><\/span><\/td><td data-date=\"2026-05-1\" class=\"prev-date\"><span class=\"date\"><span class=\"number\">1<\/span><\/span><\/td><td data-date=\"2026-05-2\" class=\"prev-date\"><span class=\"date\"><span class=\"number\">2<\/span><\/span><\/td><td data-date=\"2026-05-3\" class=\"\"><span class=\"date\"><span class=\"number\">3<\/span><\/span><\/td><\/tr><tr class=\"week\"><td data-date=\"2026-05-4\" class=\"prev-date\"><span class=\"date\"><span class=\"number\">4<\/span><\/span><\/td><td data-date=\"2026-05-5\" class=\"prev-date\"><span class=\"date\"><span class=\"number\">5<\/span><\/span><\/td><td data-date=\"2026-05-6\" class=\"prev-date\"><span class=\"date\"><span class=\"number\">6<\/span><\/span><\/td><td data-date=\"2026-05-7\" class=\"prev-date\"><span class=\"date\"><span class=\"number\">7<\/span><\/span><\/td><td data-date=\"2026-05-8\" class=\"prev-date\"><span class=\"date\"><span class=\"number\">8<\/span><\/span><\/td><td data-date=\"2026-05-9\" class=\"prev-date\"><span class=\"date\"><span class=\"number\">9<\/span><\/span><\/td><td data-date=\"2026-05-10\" class=\"\"><span class=\"date\"><span class=\"number\">10<\/span><\/span><\/td><\/tr><tr class=\"week\"><td data-date=\"2026-05-11\" class=\"prev-date\"><span class=\"date\"><span class=\"number\">11<\/span><\/span><\/td><td data-date=\"2026-05-12\" class=\"prev-date\"><span class=\"date\"><span class=\"number\">12<\/span><\/span><\/td><td data-date=\"2026-05-13\" class=\"prev-date\"><span class=\"date\"><span class=\"number\">13<\/span><\/span><\/td><td data-date=\"2026-05-14\" class=\"prev-date\"><span class=\"date\"><span class=\"number\">14<\/span><\/span><\/td><td data-date=\"2026-05-15\" class=\"prev-date\"><span class=\"date\"><span class=\"number\">15<\/span><\/span><\/td><td data-date=\"2026-05-16\" class=\"prev-date\"><span class=\"date\"><span class=\"number\">16<\/span><\/span><\/td><td data-date=\"2026-05-17\" class=\"\"><span class=\"date\"><span class=\"number\">17<\/span><\/span><\/td><\/tr><tr class=\"week\"><td data-date=\"2026-05-18\" class=\"prev-date\"><span class=\"date\"><span class=\"number\">18<\/span><\/span><\/td><td data-date=\"2026-05-19\" class=\"prev-date\"><span class=\"date\"><span class=\"number\">19<\/span><\/span><\/td><td data-date=\"2026-05-20\" class=\"prev-date\"><span class=\"date\"><span class=\"number\">20<\/span><\/span><\/td><td data-date=\"2026-05-21\" class=\"prev-date\"><span class=\"date\"><span class=\"number\">21<\/span><\/span><\/td><td data-date=\"2026-05-22\" class=\"prev-date\"><span class=\"date\"><span class=\"number\">22<\/span><\/span><\/td><td data-date=\"2026-05-23\" class=\"prev-date\"><span class=\"date\"><span class=\"number\">23<\/span><\/span><\/td><td data-date=\"2026-05-24\" class=\"\"><span class=\"date\"><span class=\"number\">24<\/span><\/span><\/td><\/tr><tr class=\"week\"><td data-date=\"2026-05-25\" class=\"prev-date\"><span class=\"date\"><span class=\"number\">25<\/span><\/span><\/td><td data-date=\"2026-05-26\" class=\"prev-date\"><span class=\"date\"><span class=\"number\">26<\/span><\/span><\/td><td data-date=\"2026-05-27\" class=\"prev-date\"><span class=\"date\"><span class=\"number\">27<\/span><\/span><\/td><td data-date=\"2026-05-28\" class=\"prev-date\"><span class=\"date\"><span class=\"number\">28<\/span><\/span><\/td><td data-date=\"2026-05-29\" class=\"prev-date\"><span class=\"date\"><span class=\"number\">29<\/span><\/span><\/td><td data-date=\"2026-05-30\" class=\"prev-date\"><span class=\"date\"><span class=\"number\">30<\/span><\/span><\/td><td data-date=\"2026-05-31\" class=\"\"><span class=\"date\"><span class=\"number\">31<\/span><\/span><\/td><\/tr>\t\t<\/tbody>\n\t<\/table><\/div><\/div><\/code><br \/><\/div><\/li><\/ul><\/div>[vc_empty_space height=&#8220;3em&#8220;][vc_column_text]<strong>Wichtig:<\/strong> Beschr\u00e4nkte Teilnehmerzahl \u2013 noch sind Pl\u00e4tze frei.[\/vc_column_text][vc_empty_space height=&#8220;4em&#8220;][\/vc_column][\/vc_row][vc_row full_width=&#8220;stretch_row&#8220; inverse=&#8220;&#8220;][vc_column width=&#8220;1\/2&#8243;][vc_empty_space height=&#8220;2.5em&#8220;][vc_empty_space height=&#8220;2em&#8220;][vc_single_image image=&#8220;15362&#8243; img_size=&#8220;full&#8220;][vc_empty_space height=&#8220;2em&#8220;][vc_empty_space height=&#8220;2em&#8220;][\/vc_column][vc_column width=&#8220;1\/2&#8243;][vc_empty_space height=&#8220;2.5em&#8220;]<h3 class=\"sc_title sc_title_regular\">GOLFCART FAHREN<\/h3>[vc_empty_space height=&#8220;0,2em&#8220;][vc_column_text css=&#8220;.vc_custom_1597071632311{padding-right: 15% !important;}&#8220;]Zu jeder Buchung bieten wir dir im Anschluss eine Rundfahrt mit dem Golfcart \u00fcber den gesamten Golfplatz. Entdecke die Sch\u00f6nheit eines der gr\u00f6\u00dften Golfpl\u00e4tze der Metropolregion.<\/p>\n<p>Die Golfcart Rundfahrten finden jeweils im Anschluss an die Erlebniskurse statt.[\/vc_column_text][vc_empty_space height=&#8220;4em&#8220;][\/vc_column][\/vc_row][vc_row full_width=&#8220;stretch_row&#8220; inverse=&#8220;&#8220; css=&#8220;.vc_custom_1596627564056{background-color: #f7f5f1 !important;}&#8220;][vc_column width=&#8220;1\/2&#8243; css=&#8220;.vc_custom_1596629179067{padding-right: 15% !important;}&#8220;][vc_empty_space height=&#8220;2.5em&#8220;]<h3 class=\"sc_title sc_title_regular\">HUNGRIG?<\/h3>[vc_empty_space height=&#8220;0,2em&#8220;][vc_column_text]Nach deiner Golfrunde kannst du in unserem <a href=\"https:\/\/golfclubabenberg.de\/index.php\/club-restaurant\/\">\u201eRistorante da Renato\u201c<\/a> einen kulinarischen Mix aus italienischen und regionalen K\u00f6stlichkeiten genie\u00dfen.<\/p>\n<p>Wir freuen uns auf dich![\/vc_column_text][\/vc_column][vc_column width=&#8220;1\/2&#8243;][vc_empty_space height=&#8220;2.5em&#8220;][vc_empty_space height=&#8220;2em&#8220;][vc_single_image image=&#8220;15294&#8243; img_size=&#8220;full&#8220;][\/vc_column][\/vc_row][vc_row full_width=&#8220;stretch_row&#8220; inverse=&#8220;&#8220; css=&#8220;.vc_custom_1596627564056{background-color: #f7f5f1 !important;}&#8220;][vc_column css=&#8220;.vc_custom_1596629179067{padding-right: 15% !important;}&#8220;][vc_empty_space height=&#8220;3em&#8220;][vc_empty_space height=&#8220;4em&#8220;][\/vc_column][\/vc_row]<\/p>\n","protected":false},"excerpt":{"rendered":"<p>[vc_row][vc_column][\/vc_column][\/vc_row][vc_row full_width=&#8220;stretch_row&#8220; css=&#8220;.vc_custom_1596452198240{background-color: #f7f5f1 !important;}&#8220;][vc_column width=&#8220;1\/2&#8243;][vc_empty_space height=&#8220;3em&#8220;][vc_empty_space height=&#8220;1em&#8220;][vc_column_text]Erlebe den Spa\u00df am Golf auf dem gr\u00f6\u00dften Golfplatz in der Region &#8211; und das kostenlos! Am Sonntag, den 30.08.2020 von 9:30 bis [&hellip;]<\/p>\n","protected":false},"author":1,"featured_media":0,"parent":0,"menu_order":0,"comment_status":"closed","ping_status":"closed","template":"","meta":{"_EventAllDay":false,"_EventTimezone":"","_EventStartDate":"","_EventEndDate":"","_EventStartDateUTC":"","_EventEndDateUTC":"","_EventShowMap":false,"_EventShowMapLink":false,"_EventURL":"","_EventCost":"","_EventCostDescription":"","_EventCurrencySymbol":"","_EventCurrencyCode":"","_EventCurrencyPosition":"","_EventDateTimeSeparator":"","_EventTimeRangeSeparator":"","_EventOrganizerID":[],"_EventVenueID":0,"_OrganizerEmail":"","_OrganizerPhone":"","_OrganizerWebsite":"","_VenueAddress":"","_VenueCity":"","_VenueCountry":"","_VenueProvince":"","_VenueZip":"","_VenuePhone":"","_VenueURL":"","_VenueStateProvince":"","_VenueLat":"","_VenueLng":"","_links_to":"","_links_to_target":""},"_links":{"self":[{"href":"https:\/\/golfclubabenberg.de\/index.php\/wp-json\/wp\/v2\/pages\/15166"}],"collection":[{"href":"https:\/\/golfclubabenberg.de\/index.php\/wp-json\/wp\/v2\/pages"}],"about":[{"href":"https:\/\/golfclubabenberg.de\/index.php\/wp-json\/wp\/v2\/types\/page"}],"author":[{"embeddable":true,"href":"https:\/\/golfclubabenberg.de\/index.php\/wp-json\/wp\/v2\/users\/1"}],"replies":[{"embeddable":true,"href":"https:\/\/golfclubabenberg.de\/index.php\/wp-json\/wp\/v2\/comments?post=15166"}],"version-history":[{"count":6,"href":"https:\/\/golfclubabenberg.de\/index.php\/wp-json\/wp\/v2\/pages\/15166\/revisions"}],"predecessor-version":[{"id":18608,"href":"https:\/\/golfclubabenberg.de\/index.php\/wp-json\/wp\/v2\/pages\/15166\/revisions\/18608"}],"wp:attachment":[{"href":"https:\/\/golfclubabenberg.de\/index.php\/wp-json\/wp\/v2\/media?parent=15166"}],"curies":[{"name":"wp","href":"https:\/\/api.w.org\/{rel}","templated":true}]}}