{"id":13782,"date":"2020-04-07T15:38:35","date_gmt":"2020-04-07T13:38:35","guid":{"rendered":"https:\/\/golfclubabenberg.de\/?page_id=13782"},"modified":"2026-04-27T08:24:07","modified_gmt":"2026-04-27T06:24:07","slug":"haeufige-fragen","status":"publish","type":"page","link":"https:\/\/golfclubabenberg.de\/index.php\/haeufige-fragen\/","title":{"rendered":"H\u00e4ufige Fragen"},"content":{"rendered":"<p>[vc_row][vc_column]<div class=\"sc_section\"><div class=\"sc_section_inner\"><div class=\"sc_section_content_wrap\"><h1 class=\"sc_title sc_title_underline sc_align_left\" style=\"text-align:left;\">H\u00e4ufige Fragen<\/h1><\/div><\/div><\/div>[\/vc_column][\/vc_row][vc_row full_width=&#8220;stretch_row&#8220; inverse=&#8220;&#8220; css=&#8220;.vc_custom_1586268528604{padding-bottom: 60px !important;background-color: #f7f5f1 !important;}&#8220;][vc_column][vc_empty_space height=&#8220;4.5em&#8220;]<div class=\"sc_section\" data-animation=\"animated fadeInUp normal\"><div class=\"sc_section_inner\"><div class=\"sc_section_content_wrap\"><i class=\"fa pull-left fa-3x fa-info faa-wrench animated \" style=\"color:#dc6c12;\"><\/i>\n                <span style=\"color: #152229; font-size: 14px;\">NOCH MEHR FRAGEN? KEIN PROBLEM, SPRECHE UNS EINFACH AN!<br \/>\nDAS TEAM VOM GOLFCLUB ABENBERG E. V. IST GERNE F\u00dcR Dich DA.<\/span>[vc_empty_space height=&#8220;0.5em&#8220;]<div class=\"sc_accordion margin_top_medium\" data-active=\"-1\"><div class=\"sc_accordion_item odd first\"><h5 class=\"sc_accordion_title\"><span class=\"sc_accordion_icon sc_accordion_icon_closed icon-plus\"><\/span><span class=\"sc_accordion_icon sc_accordion_icon_opened icon-minus\"><\/span>Was ben\u00f6tige ich zum Golfen?<\/h5><div class=\"sc_accordion_content\">[vc_column_text]<span style=\"color: #152229;\">Nicht viel \u2013 vor allem Spa\u00df und bequeme, der Witterung angepasste Kleidung. Golfschl\u00e4ger und B\u00e4lle kannst Du leihweise f\u00fcr die Dauer des Kurses von uns erhalten.<\/span>[\/vc_column_text]<\/div><\/div><div class=\"sc_accordion_item even\"><h5 class=\"sc_accordion_title\"><span class=\"sc_accordion_icon sc_accordion_icon_closed icon-plus\"><\/span><span class=\"sc_accordion_icon sc_accordion_icon_opened icon-minus\"><\/span>Muss ich Clubmitglied werden?<\/h5><div class=\"sc_accordion_content\">[vc_column_text]<span style=\"color: #152229;\">Nein, bei uns kann gegen Geb\u00fchr (Fee) jeder die <\/span><a href=\"https:\/\/www.golfclubabenberg.de\/index.php\/uebungsanlage-driving-range\/\" target=\"_blank\" rel=\"noopener noreferrer\">\u00dcbungsanlagen<\/a><span style=\"color: #152229;\"> und den <\/span><a href=\"https:\/\/www.golfclubabenberg.de\/index.php\/kurzplatz\/\" target=\"_blank\" rel=\"noopener noreferrer\">6-Loch-Kurzplatz<\/a><span style=\"color: #152229;\"> bespielen oder auch einen Kurs belegen.<\/span>[\/vc_column_text]<\/div><\/div><div class=\"sc_accordion_item odd\"><h5 class=\"sc_accordion_title\"><span class=\"sc_accordion_icon sc_accordion_icon_closed icon-plus\"><\/span><span class=\"sc_accordion_icon sc_accordion_icon_opened icon-minus\"><\/span>Wozu brauche ich die Platzreife?<\/h5><div class=\"sc_accordion_content\">[vc_column_text]<span style=\"color: #152229;\">Damit Du ohne Begleitung eines Golflehrers z. B. auf unserem <\/span><a href=\"https:\/\/www.golfclubabenberg.de\/index.php\/27lochgolfplatz\/\" target=\"_blank\" rel=\"noopener noreferrer\">27-Loch-Golfplatz<\/a><span style=\"color: #152229;\"> und allen anderen Golfpl\u00e4tzen spielen kannst.<\/span><\/p>\n<p><span style=\"color: #152229;\">UND: damit Du wirklich entspannt spielen kannst. Denn nur wer sich mit den Regeln und der Etikette auskennt, f\u00fchlt sich sicher und souver\u00e4n auf dem Golfplatz.<\/span>[\/vc_column_text]<\/div><\/div><div class=\"sc_accordion_item even\"><h5 class=\"sc_accordion_title\"><span class=\"sc_accordion_icon sc_accordion_icon_closed icon-plus\"><\/span><span class=\"sc_accordion_icon sc_accordion_icon_opened icon-minus\"><\/span>Wie erreiche ich diese Platzreife?<\/h5><div class=\"sc_accordion_content\">[vc_column_text]<span style=\"color: #152229;\">\u00dcber einen unserer Platzreifekurse, die jeweils mit einer Pr\u00fcfung abschlie\u00dfen. Oder \u00fcber individuelle Stunden mit unseren Golflehrern. Abschlu\u00df ist immer eine theoretische und praktische Pr\u00fcfung nach den <\/span><a href=\"https:\/\/www.golf.de\/regeln\/platzreife.html\" target=\"_blank\" rel=\"noopener noreferrer\">Qualit\u00e4tskriterien<\/a><span style=\"color: #152229;\"> des Deutschen Golfverbandes.<\/span>[\/vc_column_text]<\/div><\/div><div id=\"sc_accordion_item_1486638650525_8\" class=\"sc_accordion_item odd\"><h5 class=\"sc_accordion_title\"><span class=\"sc_accordion_icon sc_accordion_icon_closed icon-plus\"><\/span><span class=\"sc_accordion_icon sc_accordion_icon_opened icon-minus\"><\/span>Wie lange brauche ich zur Platzreife?<\/h5><div class=\"sc_accordion_content\">[vc_column_text]<span style=\"color: #152229;\">Innerhalb unseres Kursangebotes, i.d.R. 4 x 2 Stunden.<\/span><\/p>\n<p><span style=\"color: #152229;\">Diese Kurse kannst Du als Kompaktkurs am Wochenende, unter der Woche, nach Feierabend oder an Terminen nach Vereinbarung absolvieren. Dar\u00fcber hinaus hast Du bei uns die M\u00f6glichkeit, als Einzelspieler oder \u201eDoppel\u201c durch ein Individual-Training die Platzreife zu erlangen.<\/span><\/p>\n<p><span style=\"color: #152229;\">Die Details zu den Angeboten kannst Du unserem <\/span><a href=\"https:\/\/www.golfclubabenberg.de\/index.php\/kursangebote-golfeinsteiger\/\" target=\"_blank\" rel=\"noopener noreferrer\">Kursprogramm<\/a><span style=\"color: #152229;\"> entnehmen.<\/span>[\/vc_column_text]<\/div><\/div><div id=\"sc_accordion_item_1486638650525_8\" class=\"sc_accordion_item even\"><h5 class=\"sc_accordion_title\"><span class=\"sc_accordion_icon sc_accordion_icon_closed icon-plus\"><\/span><span class=\"sc_accordion_icon sc_accordion_icon_opened icon-minus\"><\/span>Wie bekomme ich ein Handicap?<\/h5><div class=\"sc_accordion_content\">[vc_column_text]<span style=\"color: #152229;\"><span class=\"im\">Wenn du die Platzreife bestanden hast und Mitglied in einem Golfclub\u00a0 geworden bist.<\/span><\/span>[\/vc_column_text]<\/div><\/div><div id=\"sc_accordion_item_1486638704134_3\" class=\"sc_accordion_item odd\"><h5 class=\"sc_accordion_title\"><span class=\"sc_accordion_icon sc_accordion_icon_closed icon-plus\"><\/span><span class=\"sc_accordion_icon sc_accordion_icon_opened icon-minus\"><\/span>Bis wann kann ich die Teilnahme an einem Kurs absagen?<\/h5><div class=\"sc_accordion_content\">[vc_column_text]<span style=\"color: #152229;\">48 Stunden vorher.<\/span>[\/vc_column_text]<\/div><\/div><div id=\"sc_accordion_item_1486638726061_6\" class=\"sc_accordion_item even\"><h5 class=\"sc_accordion_title\"><span class=\"sc_accordion_icon sc_accordion_icon_closed icon-plus\"><\/span><span class=\"sc_accordion_icon sc_accordion_icon_opened icon-minus\"><\/span>Warum Mitglied in Abenberg werden?<\/h5><div class=\"sc_accordion_content\">[vc_column_text css=&#8220;.vc_custom_1777191842095{padding-bottom: 15px !important;}&#8220;]<\/p>\n<h6><span style=\"color: #152229;\">Folgende Kriterien sind bei der Wahl des richtigen Golfclubs entscheidend und in Abenberg gegeben<\/span><\/h6>\n<p>[\/vc_column_text]<ul class=\"sc_list sc_list_style_iconed\" style=\"color:#dc6c12;\"><li class=\"sc_list_item odd first\" style=\"color:#152229;\" title=\"Zentrale Lage des Golfplatzes in der Metropolregion N\u00fcrnberg, von \u00fcberall gut zu erreichen \"><span class=\"sc_list_icon icon-check93\"><\/span>Zentrale Lage des Golfplatzes in der Metropolregion N\u00fcrnberg, von \u00fcberall gut zu erreichen<\/li><li class=\"sc_list_item even\" style=\"color:#152229;\" title=\"Wir bieten die M\u00f6glichkeit eines Schnupperjahres zu g\u00fcnstigeren Konditionen und keine einmaligen Aufnahmegeb\u00fchren\"><span class=\"sc_list_icon icon-check93\"><\/span>Wir bieten die M\u00f6glichkeit eines Schnupperjahres zu g\u00fcnstigeren Konditionen und keine einmaligen Aufnahmegeb\u00fchren<\/li><li class=\"sc_list_item odd\" style=\"color:#152229;\" title=\"Einzige 27-Loch-Anlage mit 6-Loch-Kurzplatz in der Metropolregion N\u00fcrnberg\"><span class=\"sc_list_icon icon-check93\"><\/span>Einzige 27-Loch-Anlage mit 6-Loch-Kurzplatz in der Metropolregion N\u00fcrnberg<\/li><li class=\"sc_list_item even\" style=\"color:#152229;\" title=\"Der Golfclub Abenberg bietet ein umfassendes Spektrum an Trainingsm\u00f6glichkeiten und zeichnet sich insbesondere durch eine herausragende Jugendarbeit aus\"><span class=\"sc_list_icon icon-check93\"><\/span>Der Golfclub Abenberg bietet ein umfassendes Spektrum an Trainingsm\u00f6glichkeiten und zeichnet sich insbesondere durch eine herausragende Jugendarbeit aus<\/li><li class=\"sc_list_item odd\" style=\"color:#152229;\" title=\"Die Spielfl\u00e4chen zeichnen sich durch einen hohen Pflegestandard aus und sind 12 Monate im Jahr bespielbar\"><span class=\"sc_list_icon icon-check93\"><\/span>Die Spielfl\u00e4chen zeichnen sich durch einen hohen Pflegestandard aus und sind 12 Monate im Jahr bespielbar<\/li><li class=\"sc_list_item even\" style=\"color:#152229;\" title=\"Wir haben ein modernes Clubhaus mit renommierter Gastronomie und einem einzigartigen Ambiente, einschlie\u00dflich einer Clubterrasse mit malerischem Blick auf die Burg Abenberg\"><span class=\"sc_list_icon icon-check93\"><\/span>Wir haben ein modernes Clubhaus mit renommierter Gastronomie und einem einzigartigen Ambiente, einschlie\u00dflich einer Clubterrasse mit malerischem Blick auf die Burg Abenberg<\/li><\/ul><\/div><\/div><\/div><\/div><\/div><\/div>[\/vc_column][\/vc_row]<\/p>\n","protected":false},"excerpt":{"rendered":"<p>[vc_row][vc_column][\/vc_column][\/vc_row][vc_row full_width=&#8220;stretch_row&#8220; inverse=&#8220;&#8220; css=&#8220;.vc_custom_1586268528604{padding-bottom: 60px !important;background-color: #f7f5f1 !important;}&#8220;][vc_column][vc_empty_space height=&#8220;4.5em&#8220;][\/vc_column][\/vc_row]<\/p>\n","protected":false},"author":1,"featured_media":0,"parent":0,"menu_order":0,"comment_status":"closed","ping_status":"closed","template":"","meta":{"_EventAllDay":false,"_EventTimezone":"","_EventStartDate":"","_EventEndDate":"","_EventStartDateUTC":"","_EventEndDateUTC":"","_EventShowMap":false,"_EventShowMapLink":false,"_EventURL":"","_EventCost":"","_EventCostDescription":"","_EventCurrencySymbol":"","_EventCurrencyCode":"","_EventCurrencyPosition":"","_EventDateTimeSeparator":"","_EventTimeRangeSeparator":"","_EventOrganizerID":[],"_EventVenueID":0,"_OrganizerEmail":"","_OrganizerPhone":"","_OrganizerWebsite":"","_VenueAddress":"","_VenueCity":"","_VenueCountry":"","_VenueProvince":"","_VenueZip":"","_VenuePhone":"","_VenueURL":"","_VenueStateProvince":"","_VenueLat":"","_VenueLng":"","_links_to":"","_links_to_target":""},"_links":{"self":[{"href":"https:\/\/golfclubabenberg.de\/index.php\/wp-json\/wp\/v2\/pages\/13782"}],"collection":[{"href":"https:\/\/golfclubabenberg.de\/index.php\/wp-json\/wp\/v2\/pages"}],"about":[{"href":"https:\/\/golfclubabenberg.de\/index.php\/wp-json\/wp\/v2\/types\/page"}],"author":[{"embeddable":true,"href":"https:\/\/golfclubabenberg.de\/index.php\/wp-json\/wp\/v2\/users\/1"}],"replies":[{"embeddable":true,"href":"https:\/\/golfclubabenberg.de\/index.php\/wp-json\/wp\/v2\/comments?post=13782"}],"version-history":[{"count":8,"href":"https:\/\/golfclubabenberg.de\/index.php\/wp-json\/wp\/v2\/pages\/13782\/revisions"}],"predecessor-version":[{"id":21542,"href":"https:\/\/golfclubabenberg.de\/index.php\/wp-json\/wp\/v2\/pages\/13782\/revisions\/21542"}],"wp:attachment":[{"href":"https:\/\/golfclubabenberg.de\/index.php\/wp-json\/wp\/v2\/media?parent=13782"}],"curies":[{"name":"wp","href":"https:\/\/api.w.org\/{rel}","templated":true}]}}