{"id":13725,"date":"2020-05-03T17:09:19","date_gmt":"2020-05-03T15:09:19","guid":{"rendered":"https:\/\/golfclubabenberg.de\/?page_id=13725"},"modified":"2020-06-08T09:39:57","modified_gmt":"2020-06-08T07:39:57","slug":"gewinnspiel","status":"publish","type":"page","link":"https:\/\/golfclubabenberg.de\/index.php\/gewinnspiel\/","title":{"rendered":"Gewinnspiel"},"content":{"rendered":"<p>[vc_row css=&#8220;.vc_custom_1489742046938{padding-bottom: 30px !important;}&#8220;][vc_column]<h1 class=\"sc_title sc_title_underline\">Das GCA-Bilderr\u00e4tsel<\/h1><div class=\"sc_section\" style=\"background-color:#f7f5f1;\"><div class=\"sc_section_inner\"><div class=\"sc_section_overlay\" style=\"\"><div class=\"sc_section_content padding_on\" style=\"\"><div class=\"sc_section_content_wrap\">[vc_column_text]<strong>Wir m\u00f6chten Ihnen in diesen schwierigen Zeiten der Corona-Pandemie eine kleine Freude machen und das Interesse f\u00fcr unseren sch\u00f6nen Golfplatz aufrecht erhalten. Nehmen Sie teil an unserem w\u00f6chentlichen Bilderr\u00e4tsel, das wir bis auf Weiteres jeden Montag ver\u00f6ffentlichen und raten Sie mit, wo dieses Foto aufgenommen wurde. Schicken Sie uns Ihren L\u00f6sungsvorschlag per eMail &#8211; unter allen richtigen Einsendungen verlosen wir eine Packung GCA-Logob\u00e4lle, die nach Wieder\u00f6ffnung des Platzes bei unserem Team abgeholt werden kann. Der Gewinner wird jeden Freitag bekanntgegeben. <em><span style=\"color: #ff0000;\">(diese Aktion wurde am 11. April beendet)<\/span><\/em><br \/>\n<\/strong>[\/vc_column_text]<h1 class=\"sc_title sc_title_regular\"><\/p>\n<h4>KW 19 \/ 2020<\/h4>\n<p><\/h1>[vc_column_text css=&#8220;.vc_custom_1588500796882{padding-right: 15% !important;padding-bottom: 30px !important;}&#8220;]<img loading=\"lazy\" class=\"alignnone wp-image-14203\" src=\"https:\/\/golfclubabenberg.de\/wp-content\/uploads\/Bilderr\u00e4tsel-KW19-300x200.jpg\" alt=\"\" width=\"640\" height=\"427\" srcset=\"https:\/\/golfclubabenberg.de\/wp-content\/uploads\/Bilderr\u00e4tsel-KW19-300x200.jpg 300w, https:\/\/golfclubabenberg.de\/wp-content\/uploads\/Bilderr\u00e4tsel-KW19-768x513.jpg 768w, https:\/\/golfclubabenberg.de\/wp-content\/uploads\/Bilderr\u00e4tsel-KW19-600x401.jpg 600w, https:\/\/golfclubabenberg.de\/wp-content\/uploads\/Bilderr\u00e4tsel-KW19.jpg 800w\" sizes=\"(max-width: 640px) 100vw, 640px\" \/>[\/vc_column_text]<h1 class=\"sc_title sc_title_regular\"><\/p>\n<h4>KW 18 \/ 2020<\/h4>\n<p><\/h1>[vc_column_text css=&#8220;.vc_custom_1587976168258{padding-right: 15% !important;padding-bottom: 30px !important;}&#8220;]<img loading=\"lazy\" class=\"alignnone wp-image-14188\" src=\"https:\/\/golfclubabenberg.de\/wp-content\/uploads\/Bilderr\u00e4tsel-KW18-300x200.jpg\" alt=\"\" width=\"640\" height=\"427\" srcset=\"https:\/\/golfclubabenberg.de\/wp-content\/uploads\/Bilderr\u00e4tsel-KW18-300x200.jpg 300w, https:\/\/golfclubabenberg.de\/wp-content\/uploads\/Bilderr\u00e4tsel-KW18-768x513.jpg 768w, https:\/\/golfclubabenberg.de\/wp-content\/uploads\/Bilderr\u00e4tsel-KW18-600x401.jpg 600w, https:\/\/golfclubabenberg.de\/wp-content\/uploads\/Bilderr\u00e4tsel-KW18.jpg 800w\" sizes=\"(max-width: 640px) 100vw, 640px\" \/>[\/vc_column_text]<h1 class=\"sc_title sc_title_regular\"><\/p>\n<h4>KW 17 \/ 2020<\/h4>\n<p><\/h1>[vc_column_text css=&#8220;.vc_custom_1587370932658{padding-right: 15% !important;padding-bottom: 30px !important;}&#8220;]<img loading=\"lazy\" class=\"alignnone wp-image-14036\" src=\"https:\/\/golfclubabenberg.de\/wp-content\/uploads\/Bilderr\u00e4tsel-KW17-300x225.jpeg\" alt=\"\" width=\"640\" height=\"480\" srcset=\"https:\/\/golfclubabenberg.de\/wp-content\/uploads\/Bilderr\u00e4tsel-KW17-300x225.jpeg 300w, https:\/\/golfclubabenberg.de\/wp-content\/uploads\/Bilderr\u00e4tsel-KW17-768x576.jpeg 768w, https:\/\/golfclubabenberg.de\/wp-content\/uploads\/Bilderr\u00e4tsel-KW17-600x450.jpeg 600w, https:\/\/golfclubabenberg.de\/wp-content\/uploads\/Bilderr\u00e4tsel-KW17.jpeg 800w\" sizes=\"(max-width: 640px) 100vw, 640px\" \/>[\/vc_column_text]<h1 class=\"sc_title sc_title_regular\"><\/p>\n<h4>KW 16 \/ 2020<\/h4>\n<p><\/h1>[vc_column_text css=&#8220;.vc_custom_1586763769452{padding-right: 15% !important;padding-bottom: 30px !important;}&#8220;]<img loading=\"lazy\" class=\"alignnone wp-image-13795\" src=\"https:\/\/golfclubabenberg.de\/wp-content\/uploads\/Bilderr\u00e4tsel-KW16-300x284.jpg\" alt=\"\" width=\"640\" height=\"605\" srcset=\"https:\/\/golfclubabenberg.de\/wp-content\/uploads\/Bilderr\u00e4tsel-KW16-300x284.jpg 300w, https:\/\/golfclubabenberg.de\/wp-content\/uploads\/Bilderr\u00e4tsel-KW16-768x726.jpg 768w, https:\/\/golfclubabenberg.de\/wp-content\/uploads\/Bilderr\u00e4tsel-KW16-600x567.jpg 600w, https:\/\/golfclubabenberg.de\/wp-content\/uploads\/Bilderr\u00e4tsel-KW16.jpg 800w\" sizes=\"(max-width: 640px) 100vw, 640px\" \/>[\/vc_column_text]<h1 class=\"sc_title sc_title_regular\"><\/p>\n<h4>KW 15 \/ 2020<\/h4>\n<p><\/h1>[vc_column_text css=&#8220;.vc_custom_1586161704482{padding-right: 15% !important;padding-bottom: 30px !important;}&#8220;]<img loading=\"lazy\" class=\"alignnone wp-image-13759\" src=\"https:\/\/golfclubabenberg.de\/wp-content\/uploads\/Bilderr\u00e4tsel-KW15-300x200.jpg\" alt=\"\" width=\"640\" height=\"427\" srcset=\"https:\/\/golfclubabenberg.de\/wp-content\/uploads\/Bilderr\u00e4tsel-KW15-300x200.jpg 300w, https:\/\/golfclubabenberg.de\/wp-content\/uploads\/Bilderr\u00e4tsel-KW15-768x513.jpg 768w, https:\/\/golfclubabenberg.de\/wp-content\/uploads\/Bilderr\u00e4tsel-KW15-600x401.jpg 600w, https:\/\/golfclubabenberg.de\/wp-content\/uploads\/Bilderr\u00e4tsel-KW15.jpg 800w\" sizes=\"(max-width: 640px) 100vw, 640px\" \/>[\/vc_column_text]<h1 class=\"sc_title sc_title_regular\"><\/p>\n<h4>KW 14 \/ 2020<\/h4>\n<p><\/h1>[vc_column_text css=&#8220;.vc_custom_1585556465136{padding-right: 15% !important;padding-bottom: 30px !important;}&#8220;]<img loading=\"lazy\" class=\"alignnone wp-image-13742\" src=\"https:\/\/golfclubabenberg.de\/wp-content\/uploads\/Bilderr\u00e4tsel-KW14.jpg\" alt=\"\" width=\"640\" height=\"427\" srcset=\"https:\/\/golfclubabenberg.de\/wp-content\/uploads\/Bilderr\u00e4tsel-KW14.jpg 800w, https:\/\/golfclubabenberg.de\/wp-content\/uploads\/Bilderr\u00e4tsel-KW14-300x200.jpg 300w, https:\/\/golfclubabenberg.de\/wp-content\/uploads\/Bilderr\u00e4tsel-KW14-768x513.jpg 768w, https:\/\/golfclubabenberg.de\/wp-content\/uploads\/Bilderr\u00e4tsel-KW14-600x401.jpg 600w\" sizes=\"(max-width: 640px) 100vw, 640px\" \/>[\/vc_column_text]<h1 class=\"sc_title sc_title_regular\"><\/p>\n<h4>KW 13 \/ 2020<\/h4>\n<p><\/h1>[vc_column_text css=&#8220;.vc_custom_1584957244795{padding-right: 15% !important;padding-bottom: 30px !important;}&#8220;]<img loading=\"lazy\" class=\"alignnone wp-image-13726 size-full\" src=\"https:\/\/golfclubabenberg.de\/wp-content\/uploads\/Bilderr\u00e4tsel-KW23.jpg\" alt=\"\" width=\"640\" height=\"427\" srcset=\"https:\/\/golfclubabenberg.de\/wp-content\/uploads\/Bilderr\u00e4tsel-KW23.jpg 640w, https:\/\/golfclubabenberg.de\/wp-content\/uploads\/Bilderr\u00e4tsel-KW23-300x200.jpg 300w, https:\/\/golfclubabenberg.de\/wp-content\/uploads\/Bilderr\u00e4tsel-KW23-600x400.jpg 600w\" sizes=\"(max-width: 640px) 100vw, 640px\" \/>[\/vc_column_text]<div class=\"columns_wrap sc_columns columns_nofluid sc_columns_count_3\"><div class=\"column-2_3 sc_column_item sc_column_item_1 odd first span_2\"><ul class=\"sc_list sc_list_style_iconed\" style=\"color:#152229;\"><\/ul><\/div><div class=\"column-1_3 sc_column_item sc_column_item_3 odd after_span_2\"><\/div><\/div><\/div><\/div><\/div><\/div><\/div>[\/vc_column][\/vc_row]<\/p>\n","protected":false},"excerpt":{"rendered":"<p>[vc_row css=&#8220;.vc_custom_1489742046938{padding-bottom: 30px !important;}&#8220;][vc_column][\/vc_column][\/vc_row]<\/p>\n","protected":false},"author":5,"featured_media":0,"parent":0,"menu_order":0,"comment_status":"closed","ping_status":"closed","template":"","meta":{"_EventAllDay":false,"_EventTimezone":"","_EventStartDate":"","_EventEndDate":"","_EventStartDateUTC":"","_EventEndDateUTC":"","_EventShowMap":false,"_EventShowMapLink":false,"_EventURL":"","_EventCost":"","_EventCostDescription":"","_EventCurrencySymbol":"","_EventCurrencyCode":"","_EventCurrencyPosition":"","_EventDateTimeSeparator":"","_EventTimeRangeSeparator":"","_EventOrganizerID":[],"_EventVenueID":0,"_OrganizerEmail":"","_OrganizerPhone":"","_OrganizerWebsite":"","_VenueAddress":"","_VenueCity":"","_VenueCountry":"","_VenueProvince":"","_VenueZip":"","_VenuePhone":"","_VenueURL":"","_VenueStateProvince":"","_VenueLat":"","_VenueLng":"","_links_to":"","_links_to_target":""},"_links":{"self":[{"href":"https:\/\/golfclubabenberg.de\/index.php\/wp-json\/wp\/v2\/pages\/13725"}],"collection":[{"href":"https:\/\/golfclubabenberg.de\/index.php\/wp-json\/wp\/v2\/pages"}],"about":[{"href":"https:\/\/golfclubabenberg.de\/index.php\/wp-json\/wp\/v2\/types\/page"}],"author":[{"embeddable":true,"href":"https:\/\/golfclubabenberg.de\/index.php\/wp-json\/wp\/v2\/users\/5"}],"replies":[{"embeddable":true,"href":"https:\/\/golfclubabenberg.de\/index.php\/wp-json\/wp\/v2\/comments?post=13725"}],"version-history":[{"count":0,"href":"https:\/\/golfclubabenberg.de\/index.php\/wp-json\/wp\/v2\/pages\/13725\/revisions"}],"wp:attachment":[{"href":"https:\/\/golfclubabenberg.de\/index.php\/wp-json\/wp\/v2\/media?parent=13725"}],"curies":[{"name":"wp","href":"https:\/\/api.w.org\/{rel}","templated":true}]}}