{"id":13683,"date":"2020-03-18T17:09:26","date_gmt":"2020-03-18T16:09:26","guid":{"rendered":"https:\/\/golfclubabenberg.de\/?page_id=13683"},"modified":"2026-02-04T14:41:09","modified_gmt":"2026-02-04T13:41:09","slug":"uebungsanlage-driving-range","status":"publish","type":"page","link":"https:\/\/golfclubabenberg.de\/index.php\/uebungsanlage-driving-range\/","title":{"rendered":"\u00dcbungsanlage &#038; Driving Range"},"content":{"rendered":"<p>[vc_row][vc_column]<div class=\"sc_section\"><div class=\"sc_section_inner\"><div class=\"sc_section_content_wrap\"><h1 class=\"sc_title sc_title_underline\">\u00dcbungsanlagen &amp; Driving Range<\/h1><\/div><\/div><\/div>[\/vc_column][\/vc_row][vc_row full_width=&#8220;stretch_row&#8220; inverse=&#8220;&#8220; css=&#8220;.vc_custom_1584547937246{background-color: #f7f5f1 !important;}&#8220;][vc_column css=&#8220;.vc_custom_1486050702304{padding-bottom: 80px !important;}&#8220;][vc_empty_space height=&#8220;64px&#8220;]<div class=\"sc_section\"><div class=\"sc_section_inner\"><div class=\"sc_section_content_wrap\"><div class=\"columns_wrap sc_columns columns_nofluid sc_columns_count_2\"><div class=\"column-1_2 sc_column_item sc_column_item_1 odd first\" style=\"text-align:center;\">[vc_images_carousel images=&#8220;19348,20195,18239,20194,20196,18241&#8243; img_size=&#8220;full&#8220; onclick=&#8220;link_no&#8220; speed=&#8220;4500&#8243; autoplay=&#8220;yes&#8220; wrap=&#8220;yes&#8220; el_class=&#8220;text-align: left;&#8220; css=&#8220;.vc_custom_1738853875746{padding-top: 2% !important;}&#8220;]<\/div><div class=\"column-1_2 sc_column_item sc_column_item_2 even\">[vc_column_text]F<span style=\"color: #152229;\">ast <strong>90.000 m\u00b2<\/strong>\u00a0umfassen unsere \u00dcbungsanlagen, auf denen Sie ungezwungen trainieren k\u00f6nnen. Egal ob putten, chippen, pitchen, Bunkerschl\u00e4ge oder die Drives auf unserer Range &#8211; hier k\u00f6nnen Sie alle Spielvarianten ausgiebig \u00fcben. Nat\u00fcrlich steht Ihnen auch unser \u00f6ffentlicher <\/span><a href=\"https:\/\/www.golfclubabenberg.de\/index.php\/kurzplatz\/\">6-Loch-Kurzplatz<\/a><span style=\"color: #152229;\"> zur Verf\u00fcgung, der keine Trainingsw\u00fcnsche offen l\u00e4sst.<\/span><\/p>\n<p><span style=\"color: #152229;\">Unsere gro\u00dfz\u00fcgige Driving Range bietet <strong>8 \u00fcberdachte Abschlagboxen<\/strong> (2 davon sind beleuchtet) sowie eine Vielzahl von <strong>Rasenabschl\u00e4gen<\/strong> und nat\u00fcrlich f\u00fcr die \u00dcbergangszeit und den Winter <strong>Allwetterpl\u00e4tze<\/strong> mit Tee-Line. Gleich nebenan k\u00f6nnen Sie sich an unserer <strong>Halfway-H\u00fctte<\/strong> vom Training ausruhen und vom \u00fcberdachten Bereich aus die Range und das Gr\u00fcn A7 beobachten.<\/span><\/p>\n<p><span style=\"color: #152229;\">Neben dem normalen Training finden auf unserer Driving Range auch die Demo-Tage der gro\u00dfen H\u00e4ndler und Hersteller statt.<\/span>[\/vc_column_text]<\/div><\/div><\/div><\/div><\/div>[\/vc_column][\/vc_row]<\/p>\n","protected":false},"excerpt":{"rendered":"<p>[vc_row][vc_column][\/vc_column][\/vc_row][vc_row full_width=&#8220;stretch_row&#8220; inverse=&#8220;&#8220; css=&#8220;.vc_custom_1584547937246{background-color: #f7f5f1 !important;}&#8220;][vc_column css=&#8220;.vc_custom_1486050702304{padding-bottom: 80px !important;}&#8220;][vc_empty_space height=&#8220;64px&#8220;][\/vc_column][\/vc_row]<\/p>\n","protected":false},"author":1,"featured_media":0,"parent":0,"menu_order":0,"comment_status":"closed","ping_status":"closed","template":"","meta":{"_EventAllDay":false,"_EventTimezone":"","_EventStartDate":"","_EventEndDate":"","_EventStartDateUTC":"","_EventEndDateUTC":"","_EventShowMap":false,"_EventShowMapLink":false,"_EventURL":"","_EventCost":"","_EventCostDescription":"","_EventCurrencySymbol":"","_EventCurrencyCode":"","_EventCurrencyPosition":"","_EventDateTimeSeparator":"","_EventTimeRangeSeparator":"","_EventOrganizerID":[],"_EventVenueID":0,"_OrganizerEmail":"","_OrganizerPhone":"","_OrganizerWebsite":"","_VenueAddress":"","_VenueCity":"","_VenueCountry":"","_VenueProvince":"","_VenueZip":"","_VenuePhone":"","_VenueURL":"","_VenueStateProvince":"","_VenueLat":"","_VenueLng":"","_links_to":"","_links_to_target":""},"_links":{"self":[{"href":"https:\/\/golfclubabenberg.de\/index.php\/wp-json\/wp\/v2\/pages\/13683"}],"collection":[{"href":"https:\/\/golfclubabenberg.de\/index.php\/wp-json\/wp\/v2\/pages"}],"about":[{"href":"https:\/\/golfclubabenberg.de\/index.php\/wp-json\/wp\/v2\/types\/page"}],"author":[{"embeddable":true,"href":"https:\/\/golfclubabenberg.de\/index.php\/wp-json\/wp\/v2\/users\/1"}],"replies":[{"embeddable":true,"href":"https:\/\/golfclubabenberg.de\/index.php\/wp-json\/wp\/v2\/comments?post=13683"}],"version-history":[{"count":6,"href":"https:\/\/golfclubabenberg.de\/index.php\/wp-json\/wp\/v2\/pages\/13683\/revisions"}],"predecessor-version":[{"id":21028,"href":"https:\/\/golfclubabenberg.de\/index.php\/wp-json\/wp\/v2\/pages\/13683\/revisions\/21028"}],"wp:attachment":[{"href":"https:\/\/golfclubabenberg.de\/index.php\/wp-json\/wp\/v2\/media?parent=13683"}],"curies":[{"name":"wp","href":"https:\/\/api.w.org\/{rel}","templated":true}]}}