{"id":13627,"date":"2020-03-17T17:18:53","date_gmt":"2020-03-17T16:18:53","guid":{"rendered":"https:\/\/golfclubabenberg.de\/?page_id=13627"},"modified":"2025-07-17T08:47:31","modified_gmt":"2025-07-17T06:47:31","slug":"anfahrt-oeffnungszeiten","status":"publish","type":"page","link":"https:\/\/golfclubabenberg.de\/index.php\/anfahrt-oeffnungszeiten\/","title":{"rendered":"Anfahrt &#038; \u00d6ffnungszeiten"},"content":{"rendered":"<p>[vc_row][vc_column]<div class=\"sc_section\"><div class=\"sc_section_inner\"><div class=\"sc_section_content_wrap\"><h1 class=\"sc_title sc_title_underline\">Anfahrt und \u00d6ffnungszeiten<\/h1><\/div><\/div><\/div>[\/vc_column][\/vc_row][vc_row full_width=&#8220;stretch_row&#8220; css=&#8220;.vc_custom_1584462176342{padding-top: 5% !important;padding-bottom: 10% !important;background-color: #f7f5f1 !important;}&#8220;][vc_column]<div class=\"columns_wrap sc_columns columns_nofluid sc_columns_count_2\"><div class=\"column-1_2 sc_column_item sc_column_item_1 odd first\"><h3 class=\"sc_title sc_title_regular sc_align_left\" style=\"text-align:left;\"><span style=\"color: #152229;\">\u00d6FFNUNGSZEITEN<\/span><\/h3><h6 class=\"sc_title sc_title_regular custom_subtitle theme_accent1 \">Mai bis September:<strong><span style=\"color: #152229;\"><br \/>\n<\/span><\/strong><\/h6>[vc_column_text css=&#8220;.vc_custom_1486651508248{padding-bottom: 10px !important;}&#8220;]<span style=\"color: #152229;\">T\u00e4glich von 9-18 Uhr f\u00fcr Sie ge\u00f6ffnet<\/span>[\/vc_column_text]<h6 class=\"sc_title sc_title_regular custom_subtitle theme_accent1 \">Oktober bis April:<\/h6>[vc_column_text css=&#8220;.vc_custom_1752734933065{padding-bottom: 20px !important;}&#8220;]<span style=\"color: #152229;\">Abweichende \u00d6ffnungszeiten siehe\u00a0<a href=\"https:\/\/www.google.de\/maps\/place\/Golfclub+Abenberg+e.V.\/@49.2526356,10.9632139,17z\/data=!3m1!4b1!4m6!3m5!1s0x479f4eccc0b2a4d9:0x2794f619f8fd006!8m2!3d49.2526321!4d10.9657888!16s%2Fg%2F1trppsql?entry=ttu&amp;g_ep=EgoyMDI1MDcxMy4wIKXMDSoASAFQAw%3D%3D\">Google Maps<\/a><strong>.<\/strong><\/span>[\/vc_column_text]<h3 class=\"sc_title sc_title_regular\"><span style=\"color: #152229;\">UNSERE ADRESSE<\/span><\/h3>[vc_column_text]<span style=\"color: #152229;\">Golfclub Abenberg e. V.<\/span><br \/>\n<span style=\"color: #152229;\">Am Golfplatz 19<\/span><br \/>\n<span style=\"color: #152229;\">D-91183 Abenberg<\/span><br \/>\n<span style=\"color: #152229;\">GPS-Koordinaten:\u00a049.25245\u00b0N \/ 10.96594\u00b0E<\/span>[\/vc_column_text][vc_empty_space height=&#8220;20px&#8220;]<h3 class=\"sc_title sc_title_regular margin_top_small\"><span style=\"color: #152229;\">GANZ IN DER N\u00c4HE<\/span><\/h3>[vc_column_text]<span style=\"color: #152229;\"><strong>N\u00e4chster Flughafen:<\/strong> N\u00fcrnberg-Albrecht D\u00fcrer<br \/>\n<strong>N\u00e4chster Bahnhof:<\/strong> Fernverkehr N\u00fcrnberg<br \/>\n<strong>Regionalverkehr:<\/strong> Schwabach oder Roth<\/span><br \/>\n[\/vc_column_text]<\/div><div class=\"column-1_2 sc_column_item sc_column_item_2 even\" style=\"text-align:center;\">[vc_empty_space height=&#8220;30px&#8220;]<div id=\"sc_googlemap_1558653723\" class=\"sc_googlemap\" style=\"width:100%;height:550px;\" data-animation=\"animated fadeInUp normal\" data-zoom=\"10\" data-style=\"custom\"><div id=\"sc_googlemap_1558653723_1\" class=\"sc_googlemap_marker\" data-title=\"Golfclub Abenberg e. V.\" data-description=\"Golfclub Abenberg e. V., Am Golfplatz 19, 91183 Abenberg\" data-address=\"Golfclub Abenberg e. V., Am Golfplatz 19, 91183 Abenberg\" data-latlng=\"49.25245, 10.96594\" data-point=\"https:\/\/golfclubabenberg.de\/wp-content\/uploads\/Marker_GCA_dunkel.png\"><\/div><\/div>[vc_raw_html]JTNDYnIlM0UlMEElM0NzcGFuJTIwc3R5bGUlM0QlMjJmb250LXNpemUlM0ElMjAyMHB4JTIyJTNFJTNDYSUyMGhyZWYlM0QlMjJodHRwJTNBJTJGJTJGbWFwcy5nb29nbGUuY29tJTJGbWFwcyUzRmRhZGRyJTNEQW0lMkJHb2xmcGxhdHolMkIxOSUyQjkxMTgzJTJCQWJlbmJlcmclMjIlMjB0YXJnZXQlM0QlMjJfYmxhbmslMjIlM0VSb3V0ZSUyMGJlcmVjaG5lbiUzQyUyRmElM0UlM0MlMkZzcGFuJTNF[\/vc_raw_html]<\/div><\/div>[\/vc_column][\/vc_row]<\/p>\n","protected":false},"excerpt":{"rendered":"<p>[vc_row][vc_column][\/vc_column][\/vc_row][vc_row full_width=&#8220;stretch_row&#8220; css=&#8220;.vc_custom_1584462176342{padding-top: 5% !important;padding-bottom: 10% !important;background-color: #f7f5f1 !important;}&#8220;][vc_column][\/vc_column][\/vc_row]<\/p>\n","protected":false},"author":1,"featured_media":0,"parent":0,"menu_order":0,"comment_status":"closed","ping_status":"closed","template":"","meta":{"_EventAllDay":false,"_EventTimezone":"","_EventStartDate":"","_EventEndDate":"","_EventStartDateUTC":"","_EventEndDateUTC":"","_EventShowMap":false,"_EventShowMapLink":false,"_EventURL":"","_EventCost":"","_EventCostDescription":"","_EventCurrencySymbol":"","_EventCurrencyCode":"","_EventCurrencyPosition":"","_EventDateTimeSeparator":"","_EventTimeRangeSeparator":"","_EventOrganizerID":[],"_EventVenueID":0,"_OrganizerEmail":"","_OrganizerPhone":"","_OrganizerWebsite":"","_VenueAddress":"","_VenueCity":"","_VenueCountry":"","_VenueProvince":"","_VenueZip":"","_VenuePhone":"","_VenueURL":"","_VenueStateProvince":"","_VenueLat":"","_VenueLng":"","_links_to":"","_links_to_target":""},"_links":{"self":[{"href":"https:\/\/golfclubabenberg.de\/index.php\/wp-json\/wp\/v2\/pages\/13627"}],"collection":[{"href":"https:\/\/golfclubabenberg.de\/index.php\/wp-json\/wp\/v2\/pages"}],"about":[{"href":"https:\/\/golfclubabenberg.de\/index.php\/wp-json\/wp\/v2\/types\/page"}],"author":[{"embeddable":true,"href":"https:\/\/golfclubabenberg.de\/index.php\/wp-json\/wp\/v2\/users\/1"}],"replies":[{"embeddable":true,"href":"https:\/\/golfclubabenberg.de\/index.php\/wp-json\/wp\/v2\/comments?post=13627"}],"version-history":[{"count":6,"href":"https:\/\/golfclubabenberg.de\/index.php\/wp-json\/wp\/v2\/pages\/13627\/revisions"}],"predecessor-version":[{"id":20591,"href":"https:\/\/golfclubabenberg.de\/index.php\/wp-json\/wp\/v2\/pages\/13627\/revisions\/20591"}],"wp:attachment":[{"href":"https:\/\/golfclubabenberg.de\/index.php\/wp-json\/wp\/v2\/media?parent=13627"}],"curies":[{"name":"wp","href":"https:\/\/api.w.org\/{rel}","templated":true}]}}