{"id":13383,"date":"2019-12-12T13:37:51","date_gmt":"2019-12-12T12:37:51","guid":{"rendered":"https:\/\/golfclubabenberg.de\/?page_id=13383"},"modified":"2024-09-11T11:38:20","modified_gmt":"2024-09-11T09:38:20","slug":"golfen-und-wohnmobil","status":"publish","type":"page","link":"https:\/\/golfclubabenberg.de\/index.php\/golfen-und-wohnmobil\/","title":{"rendered":"Golfen und Wohnmobil"},"content":{"rendered":"<p>[vc_row][vc_column]<div class=\"sc_section\"><div class=\"sc_section_inner\"><div class=\"sc_section_content_wrap\"><h1 class=\"sc_title sc_title_underline\">Golfen und Wohnmobil<\/h1><\/div><\/div><\/div>[\/vc_column][\/vc_row][vc_row full_width=&#8220;stretch_row&#8220; css=&#8220;.vc_custom_1584533169416{padding-bottom: 80px !important;background-color: #f7f5f1 !important;}&#8220;][vc_column][vc_empty_space height=&#8220;64px&#8220;]<div class=\"sc_section\"><div class=\"sc_section_inner\"><div class=\"sc_section_content_wrap\"><div class=\"columns_wrap sc_columns columns_nofluid sc_columns_count_2\"><div class=\"column-1_2 sc_column_item sc_column_item_1 odd first\">[vc_column_text]<span style=\"color: #152229;\">Sie sind mit dem Wohnmobil unterwegs und suchen sich l\u00e4ngs Ihrer Strecke die sch\u00f6nsten Golfpl\u00e4tze aus? <strong>Willkommen in Abenberg!<\/strong><\/span><\/p>\n<p><span style=\"color: #152229;\">Wir k\u00f6nnen bis zu 4 Wohnmobile gleichzeitig bei uns beherbergen; denn so viele Stromanschl\u00fcsse haben wir an unseren Caddyh\u00e4usern. Die dazugeh\u00f6rige Wiese bietet viel Platz, damit Sie nicht eng auf eng stehen m\u00fcssen.<\/span><\/p>\n<p><span style=\"color: #152229;\">Als kleinen Strom- und Wasserkostenzuschuss stellen wir 15 \u20ac pro Aufenthaltstag in Rechnung.<\/span><\/p>\n<p><span style=\"color: #152229;\"><strong>Sie suchen weitere Tourenvorschl\u00e4ge?<\/strong> Wir empfehlen Ihnen dazu, sich auf der <a href=\"https:\/\/www.burgenstrasse.de\/Burgen-Schloesser\/Tour-4\/Abenberg.html?show=excursions\">Homepage der Burgenstra\u00dfe<\/a> zu informieren.<\/span>[\/vc_column_text]<\/div><div class=\"column-1_2 sc_column_item sc_column_item_2 even\">[vc_single_image image=&#8220;13385&#8243; img_size=&#8220;750&#215;450&#8243; alignment=&#8220;center&#8220; css=&#8220;.vc_custom_1584533363649{padding-top: 2% !important;}&#8220;]<\/div><\/div><\/div><\/div><\/div>[\/vc_column][\/vc_row]<\/p>\n","protected":false},"excerpt":{"rendered":"<p>[vc_row][vc_column][\/vc_column][\/vc_row][vc_row full_width=&#8220;stretch_row&#8220; css=&#8220;.vc_custom_1584533169416{padding-bottom: 80px !important;background-color: #f7f5f1 !important;}&#8220;][vc_column][vc_empty_space height=&#8220;64px&#8220;][\/vc_column][\/vc_row]<\/p>\n","protected":false},"author":1,"featured_media":0,"parent":0,"menu_order":0,"comment_status":"closed","ping_status":"closed","template":"","meta":{"_EventAllDay":false,"_EventTimezone":"","_EventStartDate":"","_EventEndDate":"","_EventStartDateUTC":"","_EventEndDateUTC":"","_EventShowMap":false,"_EventShowMapLink":false,"_EventURL":"","_EventCost":"","_EventCostDescription":"","_EventCurrencySymbol":"","_EventCurrencyCode":"","_EventCurrencyPosition":"","_EventDateTimeSeparator":"","_EventTimeRangeSeparator":"","_EventOrganizerID":[],"_EventVenueID":0,"_OrganizerEmail":"","_OrganizerPhone":"","_OrganizerWebsite":"","_VenueAddress":"","_VenueCity":"","_VenueCountry":"","_VenueProvince":"","_VenueZip":"","_VenuePhone":"","_VenueURL":"","_VenueStateProvince":"","_VenueLat":"","_VenueLng":"","_links_to":"","_links_to_target":""},"_links":{"self":[{"href":"https:\/\/golfclubabenberg.de\/index.php\/wp-json\/wp\/v2\/pages\/13383"}],"collection":[{"href":"https:\/\/golfclubabenberg.de\/index.php\/wp-json\/wp\/v2\/pages"}],"about":[{"href":"https:\/\/golfclubabenberg.de\/index.php\/wp-json\/wp\/v2\/types\/page"}],"author":[{"embeddable":true,"href":"https:\/\/golfclubabenberg.de\/index.php\/wp-json\/wp\/v2\/users\/1"}],"replies":[{"embeddable":true,"href":"https:\/\/golfclubabenberg.de\/index.php\/wp-json\/wp\/v2\/comments?post=13383"}],"version-history":[{"count":3,"href":"https:\/\/golfclubabenberg.de\/index.php\/wp-json\/wp\/v2\/pages\/13383\/revisions"}],"predecessor-version":[{"id":19942,"href":"https:\/\/golfclubabenberg.de\/index.php\/wp-json\/wp\/v2\/pages\/13383\/revisions\/19942"}],"wp:attachment":[{"href":"https:\/\/golfclubabenberg.de\/index.php\/wp-json\/wp\/v2\/media?parent=13383"}],"curies":[{"name":"wp","href":"https:\/\/api.w.org\/{rel}","templated":true}]}}